{"id":12604,"date":"2026-06-25T18:42:03","date_gmt":"2026-06-25T16:42:03","guid":{"rendered":"https:\/\/kelimshop.com\/product\/berjasta-art-deco\/"},"modified":"2026-06-29T11:40:14","modified_gmt":"2026-06-29T09:40:14","slug":"handlavet-berjasta-art-deco-gulvtaeppe","status":"publish","type":"product","link":"https:\/\/kelimshop.com\/da\/vare\/handlavet-berjasta-art-deco-gulvtaeppe\/","title":{"rendered":"H\u00e5ndlavet Berjasta Art Deco Gulvt\u00e6ppe"},"content":{"rendered":"<p>Oplev den tidl\u00f8se elegance af dette h\u00e5ndlavede Berjasta Art Deco t\u00e6ppe, omhyggeligt h\u00e5ndknottet af mesterh\u00e5ndv\u00e6rkere i Nordafghanistan, en region ber\u00f8mt for sin rige t\u00e6ppetradition og enest\u00e5ende h\u00e5ndv\u00e6rk.<\/p>\n<p>Art Deco-kollektionen er blandt de mest anerkendte og eftertragtede t\u00e6ppestile, beundret for sine raffinerede geometriske m\u00f8nstre, sofistikerede farvepaletter og bem\u00e6rkelsesv\u00e6rdige kunstneriske detaljer. L\u00f8sningen af disse t\u00e6pper kr\u00e6ver \u00e5rs erfaring, pr\u00e6cision og avancerede knytteknikker, der er g\u00e5et i arv gennem generationer af dygtige afghanske h\u00e5ndv\u00e6rkere.<\/p>\n<p>Hvert t\u00e6ppe er individuelt h\u00e5ndknottet med ekstraordin\u00e6r opm\u00e6rksomhed p\u00e5 detaljer, hvilket resulterer i et unikt stykke, der afspejler b\u00e5de tradition og moderne luksus. De subtile teksturer, harmoniske toner og elegante designs g\u00f8r dette t\u00e6ppe til et fremragende valg til moderne, nutidige og klassiske interi\u00f8rer.<\/p>\n<p>Mere end et dekorativt element repr\u00e6senterer dette t\u00e6ppe en tradition for kunstnerisk h\u00e5ndv\u00e6rk, der forvandler ethvert rum med varme, karakter og sofistikering. Hvert stykke er unikt og b\u00e6rer h\u00e5ndv\u00e6rkerens f\u00e6rdigheder og den kulturelle arv fra Nordafghanistan.<\/p>\n<p><strong>N\u00f8glefunktioner<\/strong><\/p>\n<p>\u2714\ufe0f \u00c6gte h\u00e5ndlavet afghansk t\u00e6ppe<br \/>\n\u2714\ufe0f Professionelt h\u00e5ndknottet i Nordafghanistan<br \/>\n\u2714\ufe0f Eksklusiv Art Deco-kollektion<br \/>\n\u2714\ufe0f Raffinerede geometriske designs<br \/>\n\u2714\ufe0f Premium naturlige materialer<br \/>\n\u2714\ufe0f Enest\u00e5ende knytteh\u00e5ndv\u00e6rk<br \/>\n\u2714\ufe0f Unikt \u00e9t-af-en-slags stykke<br \/>\n\u2714\ufe0f Tidl\u00f8st design til luksuri\u00f8se interi\u00f8rer<br \/>\n\u2714\ufe0f Egnet til stuer, sovev\u00e6relser, spisestuer og kontorer<\/p>\n<p>&nbsp;<\/p>\n","protected":false},"excerpt":{"rendered":"<p>Et luksuri\u00f8st h\u00e5ndlavet afghansk Art Deco t\u00e6ppe, der er omhyggeligt h\u00e5ndknyttet i Nordafghanistan. Med elegante geometriske m\u00f8nstre, sofistikerede farvetoner, og enest\u00e5ende h\u00e5ndv\u00e6rk, er hvert t\u00e6ppe et unikt kunstv\u00e6rk designet til at bringe tidl\u00f8s sk\u00f8nhed og karakter til enhver indretning.<\/p>\n","protected":false},"featured_media":12718,"comment_status":"closed","ping_status":"closed","template":"","meta":{"_acf_changed":false,"_gspb_post_css":"","jetpack_publicize_message":"{title}\n\n{excerpt}\n\n{url}","jetpack_publicize_feature_enabled":true,"jetpack_social_post_already_shared":true,"jetpack_social_options":{"image_generator_settings":{"template":"highway","default_image_id":0,"font":"","enabled":false},"version":2},"_wpas_customize_per_network":false},"product_brand":[],"product_cat":[1676,3532,1682],"product_tag":[3910,3533,3535,3536,3537,3539,3538,3540,3541,3534,3542],"class_list":["post-12604","product","type-product","status-publish","has-post-thumbnail","product_cat-alle-taepper","product_cat-art-deco-taepper","product_cat-handknyttede-taepper","product_tag-afghan-taeppe","product_tag-afghansk-taeppe","product_tag-art-deco-taeppe","product_tag-geometrisk-taeppe","product_tag-haandknyttet-taeppe","product_tag-haandlavet-gulvtaeppe","product_tag-haandlavet-taeppe","product_tag-hjem-decor","product_tag-indretningsdesign","product_tag-omraadetaeppe","product_tag-uld-taeppe","first","instock","shipping-taxable","purchasable","product-type-simple"],"bundled_by":[],"bundle_stock_status":"instock","bundle_stock_quantity":1,"bundle_virtual":false,"bundle_layout":"","bundle_add_to_cart_form_location":"","bundle_editable_in_cart":false,"bundle_sold_individually_context":"","bundle_item_grouping":"","bundle_min_size":"","bundle_max_size":"","bundle_price":[],"bundled_items":[],"bundle_sell_ids":[],"ct_brands":[],"acf":{"length":292,"width":236,"weight":0,"approximate_dimensions":false,"location":"300x250 art deco"},"jetpack_publicize_connections":[],"jetpack_sharing_enabled":true,"jetpack_likes_enabled":true,"_links":{"self":[{"href":"https:\/\/kelimshop.com\/da\/wp-json\/wp\/v2\/product\/12604","targetHints":{"allow":["GET"]}}],"collection":[{"href":"https:\/\/kelimshop.com\/da\/wp-json\/wp\/v2\/product"}],"about":[{"href":"https:\/\/kelimshop.com\/da\/wp-json\/wp\/v2\/types\/product"}],"replies":[{"embeddable":true,"href":"https:\/\/kelimshop.com\/da\/wp-json\/wp\/v2\/comments?post=12604"}],"wp:featuredmedia":[{"embeddable":true,"href":"https:\/\/kelimshop.com\/da\/wp-json\/wp\/v2\/media\/12718"}],"wp:attachment":[{"href":"https:\/\/kelimshop.com\/da\/wp-json\/wp\/v2\/media?parent=12604"}],"wp:term":[{"taxonomy":"product_brand","embeddable":true,"href":"https:\/\/kelimshop.com\/da\/wp-json\/wp\/v2\/product_brand?post=12604"},{"taxonomy":"product_cat","embeddable":true,"href":"https:\/\/kelimshop.com\/da\/wp-json\/wp\/v2\/product_cat?post=12604"},{"taxonomy":"product_tag","embeddable":true,"href":"https:\/\/kelimshop.com\/da\/wp-json\/wp\/v2\/product_tag?post=12604"}],"curies":[{"name":"wp","href":"https:\/\/api.w.org\/{rel}","templated":true}]}}

Håndlavet Berjasta Art Deco Gulvtæppe

<p>Oplev den tidløse elegance af dette håndlavede Berjasta Art Deco tæppe, omhyggeligt håndknottet af mesterhåndværkere i Nordafghanistan, en region berømt for sin rige tæppetradition og enestående håndværk.</p>
<p>Art Deco-kollektionen er blandt de mest anerkendte og eftertragtede tæppestile, beundret for sine raffinerede geometriske mønstre, sofistikerede farvepaletter og bemærkelsesværdige kunstneriske detaljer. Løsningen af disse tæpper kræver års erfaring, præcision og avancerede knytteknikker, der er gået i arv gennem generationer af dygtige afghanske håndværkere.</p>
<p>Hvert tæppe er individuelt håndknottet med ekstraordinær opmærksomhed på detaljer, hvilket resulterer i et unikt stykke, der afspejler både tradition og moderne luksus. De subtile teksturer, harmoniske toner og elegante designs gør dette tæppe til et fremragende valg til moderne, nutidige og klassiske interiører.</p>
<p>Mere end et dekorativt element repræsenterer dette tæppe en tradition for kunstnerisk håndværk, der forvandler ethvert rum med varme, karakter og sofistikering. Hvert stykke er unikt og bærer håndværkerens færdigheder og den kulturelle arv fra Nordafghanistan.</p>
<p><strong>Nøglefunktioner</strong></p>
<p>✔️ Ægte håndlavet afghansk tæppe<br />
✔️ Professionelt håndknottet i Nordafghanistan<br />
✔️ Eksklusiv Art Deco-kollektion<br />
✔️ Raffinerede geometriske designs<br />
✔️ Premium naturlige materialer<br />
✔️ Enestående knyttehåndværk<br />
✔️ Unikt ét-af-en-slags stykke<br />
✔️ Tidløst design til luksuriøse interiører<br />
✔️ Egnet til stuer, soveværelser, spisestuer og kontorer</p>
<p>&nbsp;</p>

<p>Et luksuriøst håndlavet afghansk Art Deco tæppe, der er omhyggeligt håndknyttet i Nordafghanistan. Med elegante geometriske mønstre, sofistikerede farvetoner, og enestående håndværk, er hvert tæppe et unikt kunstværk designet til at bringe tidløs skønhed og karakter til enhver indretning.</p>
