{"id":18296,"date":"2026-07-24T22:26:28","date_gmt":"2026-07-24T20:26:28","guid":{"rendered":"https:\/\/kelimshop.com\/?post_type=product&#038;p=17931"},"modified":"2026-08-07T12:51:20","modified_gmt":"2026-08-07T10:51:20","slug":"afghan-kelim-pudeomslag-handlavet-uld","status":"publish","type":"product","link":"https:\/\/kelimshop.com\/da\/vare\/afghan-kelim-pudeomslag-handlavet-uld\/","title":{"rendered":"Afghan Kelim pudeomslag | H\u00e5ndlavet uld"},"content":{"rendered":"<p class=\"font-claude-response-body break-words whitespace-normal\" dir=\"ltr\"><strong>Smuk afghansk kelim pude cover | H\u00e5ndlavet uld s\u00e6t af 3<\/strong><\/p>\n<p class=\"font-claude-response-body break-words whitespace-normal\" dir=\"ltr\">Dette afghanske kelim pude cover | H\u00e5ndlavet uld s\u00e6t af 3 er \u00e6gte h\u00e5ndv\u00e6vet og tilf\u00f8rer en smukt varm, afd\u00e6mpet energi til enhver indretning. Jordn\u00e6re nuancer, subtile stribem\u00f8nstre og rig h\u00e5ndv\u00e6vet tekstur g\u00f8r dette s\u00e6t til en af de mest alsidige grupper i vores kollektion af kilim puder.<\/p>\n<p class=\"font-claude-response-body break-words whitespace-normal\" dir=\"ltr\"><strong>Design og karakter<\/strong><\/p>\n<p class=\"font-claude-response-body break-words whitespace-normal\" dir=\"ltr\">Hver cover har vandrette striber i m\u00f8rkebrun og st\u00f8vet turkise, en palet der f\u00f8les rolig, jordbundet og problemfrit lagdelt. To covers deler en lignende sammens\u00e6tning med en bred turkis stribe centreret mod en dyb brun bund, mens den tredje er lidt lysere med en bredere turkis stribe, der l\u00f8ber igennem perfekt koordineret med sine ledsagere.<\/p>\n<p class=\"font-claude-response-body break-words whitespace-normal\" dir=\"ltr\"><strong>Hvorfor v\u00e6lge dette s\u00e6t<\/strong><\/p>\n<p class=\"font-claude-response-body break-words whitespace-normal\" dir=\"ltr\">Hver cover er h\u00e5ndv\u00e6vet af \u00e6gte kilim helt unik og \u00e9n af en slags.<\/p>\n<p class=\"font-claude-response-body break-words whitespace-normal\" dir=\"ltr\">\u2714\ufe0f <strong>N\u00f8glefunktioner:<\/strong><\/p>\n<ul class=\"[li_&amp;]:mb-0 [li_&amp;]:mt-1 [li_&amp;]:gap-1 [&amp;:not(:last-child)_ul]:pb-1 [&amp;:not(:last-child)_ol]:pb-1 list-disc flex flex-col gap-1 pl-8 mb-3 print:block print:space-y-1\" dir=\"ltr\">\n<li class=\"font-claude-response-body whitespace-normal break-words pl-2\">Afghansk kelim pude cover | H\u00e5ndlavet uld s\u00e6t af 3<\/li>\n<li class=\"font-claude-response-body whitespace-normal break-words pl-2\">\u00c6gte kilim konstruktion<\/li>\n<li class=\"font-claude-response-body whitespace-normal break-words pl-2\">Vandrette stribedesigns i varierende bredder<\/li>\n<li class=\"font-claude-response-body whitespace-normal break-words pl-2\">Farver: M\u00f8rkebrun &amp; st\u00f8vet turkise<\/li>\n<li class=\"font-claude-response-body whitespace-normal break-words pl-2\">Navy piped kanter<\/li>\n<li class=\"font-claude-response-body whitespace-normal break-words pl-2\">Zipper lukning p\u00e5 hver cover<\/li>\n<li class=\"font-claude-response-body whitespace-normal break-words pl-2\">St\u00f8rrelse: 45 x 45 cm hver (18&#8243; x 18&#8243;)<\/li>\n<li class=\"font-claude-response-body whitespace-normal break-words pl-2\">Indl\u00e6g inkluderet ikke<\/li>\n<\/ul>\n","protected":false},"excerpt":{"rendered":"<p>S\u00e6t med 3 Afghan Kelim pudeomslag H\u00e5ndlavet Uld, 45&#215;45 cm, med m\u00f8rkebrun og turkisk striber samt marinebl\u00e5 pipings trim. Lynl\u00e5slukning, kun betr\u00e6k. Hvert betr\u00e6k er \u00e6gte h\u00e5ndv\u00e6vet, hvilket g\u00f8r hver del unik med naturlig tekstur og subtil farvevariation. En alsidig, jordn\u00e6r kystpalet, der tilf\u00f8jer boho, kunstnerisk pr\u00e6get karakter til sofaer og senge.<\/p>\n","protected":false},"featured_media":17962,"comment_status":"closed","ping_status":"closed","template":"","meta":{"_acf_changed":false,"_gspb_post_css":"","jetpack_publicize_message":"{title}\n\n{excerpt}\n\n{url}","jetpack_publicize_feature_enabled":true,"jetpack_social_post_already_shared":true,"jetpack_social_options":{"image_generator_settings":{"template":"highway","default_image_id":0,"font":"","enabled":false},"version":2},"_wpas_customize_per_network":false},"product_brand":[],"product_cat":[1764,1778],"product_tag":[7713,4479,4497,4197,4199,4616,7715,3008,4483,4484,4486,4487,4480,4617,4488,4482,7717,4489,4490,4496,4481,4485,4492,4493,4494,4499,4495,4618,4220,4222,4383,4491,4498,4500,4619,4501,3234,4502,3236,7720],"class_list":["post-18296","product","type-product","status-publish","has-post-thumbnail","product_cat-kelim-puder","product_cat-moderne-kelim-puder","product_tag-45x45-cushion-cover","product_tag-accent-pudeovertraek","product_tag-baeredygtig-boligindretning","product_tag-boheme-hjem-daekoration","product_tag-boho-pudebetraek","product_tag-brun-turkis-pude","product_tag-decorative-pillow-cover","product_tag-eklektisk-boligindretning","product_tag-etnisk-pudeovertraek","product_tag-fair-trade-pudeovertraek","product_tag-fladvaevet-pudeovertraek","product_tag-haandlavet-boligindretning","product_tag-haandlavet-pude","product_tag-haandvaevet-pude-cover","product_tag-indendoers-pudeovertraek","product_tag-jordnaer-pudeovertraek","product_tag-kilim-cushion-cover","product_tag-kilim-dekortilbehoer","product_tag-kilim-pudeovertraek","product_tag-firkanet-pudeovertraek-18x18","product_tag-kyst-boho-pude","product_tag-landhus-dekorpude","product_tag-marokkansk-stil-pude-2","product_tag-naturligt-farvet-pudeovertraek","product_tag-neutral-tone-pudeovertraek","product_tag-kastepudeovertraek","product_tag-rustik-pudeovertraek","product_tag-saet-med-3-pudebetraek","product_tag-sofa-pude-pudebetraek","product_tag-stribet-kastepude","product_tag-stribet-pude-cover","product_tag-stue-pudeovertraek","product_tag-tekstureret-pudeovertraek","product_tag-tribal-print-pudeovertraek","product_tag-tyrkisk-kilim-pude-2","product_tag-tyrkisk-pudeovertraek","product_tag-udtalelsespude-cover","product_tag-vaevet-pudevugge","product_tag-vintage-kilim-pude","product_tag-wool-cushion-cover","first","instock","sold-individually","shipping-taxable","purchasable","product-type-simple"],"bundled_by":[],"bundle_stock_status":"instock","bundle_stock_quantity":1,"bundle_virtual":false,"bundle_layout":"","bundle_add_to_cart_form_location":"","bundle_editable_in_cart":false,"bundle_sold_individually_context":"","bundle_item_grouping":"","bundle_min_size":"","bundle_max_size":"","bundle_price":[],"bundled_items":[],"bundle_sell_ids":[],"ct_brands":[],"acf":{"length":45,"width":45,"weight":0,"approximate_dimensions":true,"location":""},"jetpack_publicize_connections":[],"jetpack_sharing_enabled":true,"jetpack_likes_enabled":true,"_links":{"self":[{"href":"https:\/\/kelimshop.com\/da\/wp-json\/wp\/v2\/product\/18296","targetHints":{"allow":["GET"]}}],"collection":[{"href":"https:\/\/kelimshop.com\/da\/wp-json\/wp\/v2\/product"}],"about":[{"href":"https:\/\/kelimshop.com\/da\/wp-json\/wp\/v2\/types\/product"}],"replies":[{"embeddable":true,"href":"https:\/\/kelimshop.com\/da\/wp-json\/wp\/v2\/comments?post=18296"}],"wp:featuredmedia":[{"embeddable":true,"href":"https:\/\/kelimshop.com\/da\/wp-json\/wp\/v2\/media\/17962"}],"wp:attachment":[{"href":"https:\/\/kelimshop.com\/da\/wp-json\/wp\/v2\/media?parent=18296"}],"wp:term":[{"taxonomy":"product_brand","embeddable":true,"href":"https:\/\/kelimshop.com\/da\/wp-json\/wp\/v2\/product_brand?post=18296"},{"taxonomy":"product_cat","embeddable":true,"href":"https:\/\/kelimshop.com\/da\/wp-json\/wp\/v2\/product_cat?post=18296"},{"taxonomy":"product_tag","embeddable":true,"href":"https:\/\/kelimshop.com\/da\/wp-json\/wp\/v2\/product_tag?post=18296"}],"curies":[{"name":"wp","href":"https:\/\/api.w.org\/{rel}","templated":true}]}}

Afghan Kelim pudeomslag | Håndlavet uld

<p class="font-claude-response-body break-words whitespace-normal" dir="ltr"><strong>Smuk afghansk kelim pude cover | Håndlavet uld sæt af 3</strong></p>
<p class="font-claude-response-body break-words whitespace-normal" dir="ltr">Dette afghanske kelim pude cover | Håndlavet uld sæt af 3 er ægte håndvævet og tilfører en smukt varm, afdæmpet energi til enhver indretning. Jordnære nuancer, subtile stribemønstre og rig håndvævet tekstur gør dette sæt til en af de mest alsidige grupper i vores kollektion af kilim puder.</p>
<p class="font-claude-response-body break-words whitespace-normal" dir="ltr"><strong>Design og karakter</strong></p>
<p class="font-claude-response-body break-words whitespace-normal" dir="ltr">Hver cover har vandrette striber i mørkebrun og støvet turkise, en palet der føles rolig, jordbundet og problemfrit lagdelt. To covers deler en lignende sammensætning med en bred turkis stribe centreret mod en dyb brun bund, mens den tredje er lidt lysere med en bredere turkis stribe, der løber igennem perfekt koordineret med sine ledsagere.</p>
<p class="font-claude-response-body break-words whitespace-normal" dir="ltr"><strong>Hvorfor vælge dette sæt</strong></p>
<p class="font-claude-response-body break-words whitespace-normal" dir="ltr">Hver cover er håndvævet af ægte kilim helt unik og én af en slags.</p>
<p class="font-claude-response-body break-words whitespace-normal" dir="ltr">✔️ <strong>Nøglefunktioner:</strong></p>
<ul class="[li_&amp;]:mb-0 [li_&amp;]:mt-1 [li_&amp;]:gap-1 [&amp;:not(:last-child)_ul]:pb-1 [&amp;:not(:last-child)_ol]:pb-1 list-disc flex flex-col gap-1 pl-8 mb-3 print:block print:space-y-1" dir="ltr">
<li class="font-claude-response-body whitespace-normal break-words pl-2">Afghansk kelim pude cover | Håndlavet uld sæt af 3</li>
<li class="font-claude-response-body whitespace-normal break-words pl-2">Ægte kilim konstruktion</li>
<li class="font-claude-response-body whitespace-normal break-words pl-2">Vandrette stribedesigns i varierende bredder</li>
<li class="font-claude-response-body whitespace-normal break-words pl-2">Farver: Mørkebrun &amp; støvet turkise</li>
<li class="font-claude-response-body whitespace-normal break-words pl-2">Navy piped kanter</li>
<li class="font-claude-response-body whitespace-normal break-words pl-2">Zipper lukning på hver cover</li>
<li class="font-claude-response-body whitespace-normal break-words pl-2">Størrelse: 45 x 45 cm hver (18&#8243; x 18&#8243;)</li>
<li class="font-claude-response-body whitespace-normal break-words pl-2">Indlæg inkluderet ikke</li>
</ul>

<p>Sæt med 3 Afghan Kelim pudeomslag Håndlavet Uld, 45&#215;45 cm, med mørkebrun og turkisk striber samt marineblå pipings trim. Lynlåslukning, kun betræk. Hvert betræk er ægte håndvævet, hvilket gør hver del unik med naturlig tekstur og subtil farvevariation. En alsidig, jordnær kystpalet, der tilføjer boho, kunstnerisk præget karakter til sofaer og senge.</p>
