{"id":25047,"date":"2026-08-05T18:27:34","date_gmt":"2026-08-05T16:27:34","guid":{"rendered":"https:\/\/kelimshop.com\/?post_type=product&#038;p=23367"},"modified":"2026-08-10T00:45:16","modified_gmt":"2026-08-09T22:45:16","slug":"handvaevet-kilim-pudebetraek-afghan-uld","status":"publish","type":"product","link":"https:\/\/kelimshop.com\/da\/vare\/handvaevet-kilim-pudebetraek-afghan-uld\/","title":{"rendered":"H\u00e5ndv\u00e6vet Kilim Pudebetr\u00e6k | Afghan Uld"},"content":{"rendered":"<p class=\"font-claude-response-body break-words whitespace-normal\" dir=\"ltr\"><strong>Fantastisk h\u00e5ndv\u00e6vet kelim pudecover | Afghan uld s\u00e6t af 3<\/strong><\/p>\n<p class=\"font-claude-response-body break-words whitespace-normal\" dir=\"ltr\">Dette&nbsp; h\u00e5ndv\u00e6vede kelim pudecover | Afghan uld s\u00e6t af 3 er \u00e6gte h\u00e5ndv\u00e6vet og bringer en smuk, livlig, solrig energi til enhver interi\u00f8r. Dristig i farve, ren i lodret stribede komposition og rig p\u00e5 h\u00e5ndv\u00e6vet tekstur, g\u00f8r dette s\u00e6t et sl\u00e5ende statement i vores kelim pude samling.<\/p>\n<p class=\"font-claude-response-body break-words whitespace-normal\" dir=\"ltr\"><strong>H\u00e5ndv\u00e6vet kelim pudecover | Afghan uld cover&nbsp; s\u00e6t af 3 design og karakter<\/strong><\/p>\n<p class=\"font-claude-response-body break-words whitespace-normal\" dir=\"ltr\">Hvert cover har klare lodrette striber i orange, sennepsgul og creme, der l\u00f8ber over det meste af stykket, toppet med et solidt farveblok b\u00e5nd, et i skifergr\u00e5 og de andre to i denimbl\u00e5. Denne delte struktur binder de tre covers sammen som en energisk, koordineret trio, perfekt til at tilf\u00f8je et varmt farvepift til en neutral sofa eller seng.<\/p>\n<p class=\"font-claude-response-body break-words whitespace-normal\" dir=\"ltr\"><strong>Hvorfor v\u00e6lge dette h\u00e5ndv\u00e6vede kelim pudecover | Afghan uld&nbsp; s\u00e6t af 3<\/strong><\/p>\n<p class=\"font-claude-response-body break-words whitespace-normal\" dir=\"ltr\">Hvert cover er h\u00e5ndv\u00e6vet af \u00e6gte kelim, helt unik og \u00e9n af slagsen.<\/p>\n<p class=\"font-claude-response-body break-words whitespace-normal\" dir=\"ltr\">\u2705 <strong> N\u00f8glefunktioner:<\/strong><\/p>\n<ul class=\"[li_&amp;]:mb-0 [li_&amp;]:mt-1 [li_&amp;]:gap-1 [&amp;:not(:last-child)_ul]:pb-1 [&amp;:not(:last-child)_ol]:pb-1 list-disc flex flex-col gap-1 pl-8 mb-3 print:block print:space-y-1\" dir=\"ltr\">\n<li class=\"font-claude-response-body whitespace-normal break-words pl-2\">H\u00e5ndv\u00e6vet orange sennep kilim pudecover s\u00e6t af 3<\/li>\n<li class=\"font-claude-response-body whitespace-normal break-words pl-2\">\u00c6gte kilim konstruktion<\/li>\n<li class=\"font-claude-response-body whitespace-normal break-words pl-2\">Lodret stribedesign med farveblok accent<\/li>\n<li class=\"font-claude-response-body whitespace-normal break-words pl-2\">Farver: Orange, sennepsgul, creme, denimbl\u00e5 &amp; skifergr\u00e5<\/li>\n<li class=\"font-claude-response-body whitespace-normal break-words pl-2\">Kontrast pipede kanter<\/li>\n<li class=\"font-claude-response-body whitespace-normal break-words pl-2\">Zipperlukning p\u00e5 hvert cover<\/li>\n<li class=\"font-claude-response-body whitespace-normal break-words pl-2\">St\u00f8rrelse: 50 x 50 cm hver (20&#8243; x 20&#8243;)<\/li>\n<li class=\"font-claude-response-body whitespace-normal break-words pl-2\">Indl\u00e6g ikke inkluderet<\/li>\n<\/ul>\n","protected":false},"excerpt":{"rendered":"<p class=\"font-claude-response-body break-words whitespace-normal\" dir=\"ltr\">Dette h\u00e5ndv\u00e6vede Kelim-pude betr\u00e6k | Afghan uld s\u00e6t af 3 er livligt, solrigt og smukt tekstureret. Hver betr\u00e6k har i\u00f8jnefaldende lodrette striber i orange, sennep og creme, toppet med en farveblokb\u00e5nd i skifergr\u00e5 eller denimbl\u00e5, tre energiske stykker forenet af en f\u00e6lles palette.<\/p>\n<p class=\"font-claude-response-body break-words whitespace-normal\" dir=\"ltr\">St\u00f8rrelse: 50 x 50 cm hver | Kontrastpiped kanter | Lynl\u00e5s lukning | Indl\u00e6g ikke inkluderet.<\/p>\n","protected":false},"featured_media":23388,"comment_status":"closed","ping_status":"closed","template":"","meta":{"_acf_changed":false,"_gspb_post_css":"","jetpack_publicize_message":"{title}\n\n{excerpt}\n\n{url}","jetpack_publicize_feature_enabled":true,"jetpack_social_post_already_shared":true,"jetpack_social_options":{"image_generator_settings":{"template":"highway","default_image_id":0,"font":"","enabled":false},"version":2},"_wpas_customize_per_network":false},"product_brand":[],"product_cat":[1656,1659],"product_tag":[4920,1983,3971,2104,3975,1897,1864,4942,3972,1896,1905,1855,1863,3980,4639,2384,2294,3970,4912,2107,1876,4943,3969,1877],"class_list":["post-25047","product","type-product","status-publish","has-post-thumbnail","product_cat-kilim-cushions","product_cat-modern-kilim-cushions","product_tag-20x20-pillow-cover","product_tag-50x50-cushion-cover","product_tag-accent-cushion-cover","product_tag-bohemian-home-decor","product_tag-boho-chic-decor","product_tag-boho-pillow-cover","product_tag-decorative-pillow-cover","product_tag-denim-blue-cushion","product_tag-global-decor-pillow","product_tag-handmade-cushion-cover","product_tag-handwoven-pillow","product_tag-kilim-cushion-cover","product_tag-kilim-pillow","product_tag-square-cushion-cover","product_tag-vertical-stripe-cushion-cover","product_tag-orange-cushion-cover","product_tag-rustic-home-decor","product_tag-throw-pillow-cover-set","product_tag-mustard-accent-pillow","product_tag-sofa-cushion-cover","product_tag-turkish-kilim-cushion","product_tag-vibrant-cushion-set","product_tag-vintage-style-pillow","product_tag-wool-cushion-cover","first","instock","sold-individually","shipping-taxable","purchasable","product-type-simple"],"bundled_by":[],"bundle_stock_status":"instock","bundle_stock_quantity":1,"bundle_virtual":false,"bundle_layout":"","bundle_add_to_cart_form_location":"","bundle_editable_in_cart":false,"bundle_sold_individually_context":"","bundle_item_grouping":"","bundle_min_size":"","bundle_max_size":"","bundle_price":[],"bundled_items":[],"bundle_sell_ids":[],"ct_brands":[],"acf":{"length":51,"width":50,"weight":0,"approximate_dimensions":true,"location":""},"jetpack_publicize_connections":[],"jetpack_sharing_enabled":true,"jetpack_likes_enabled":true,"_links":{"self":[{"href":"https:\/\/kelimshop.com\/da\/wp-json\/wp\/v2\/product\/25047","targetHints":{"allow":["GET"]}}],"collection":[{"href":"https:\/\/kelimshop.com\/da\/wp-json\/wp\/v2\/product"}],"about":[{"href":"https:\/\/kelimshop.com\/da\/wp-json\/wp\/v2\/types\/product"}],"replies":[{"embeddable":true,"href":"https:\/\/kelimshop.com\/da\/wp-json\/wp\/v2\/comments?post=25047"}],"wp:featuredmedia":[{"embeddable":true,"href":"https:\/\/kelimshop.com\/da\/wp-json\/wp\/v2\/media\/23388"}],"wp:attachment":[{"href":"https:\/\/kelimshop.com\/da\/wp-json\/wp\/v2\/media?parent=25047"}],"wp:term":[{"taxonomy":"product_brand","embeddable":true,"href":"https:\/\/kelimshop.com\/da\/wp-json\/wp\/v2\/product_brand?post=25047"},{"taxonomy":"product_cat","embeddable":true,"href":"https:\/\/kelimshop.com\/da\/wp-json\/wp\/v2\/product_cat?post=25047"},{"taxonomy":"product_tag","embeddable":true,"href":"https:\/\/kelimshop.com\/da\/wp-json\/wp\/v2\/product_tag?post=25047"}],"curies":[{"name":"wp","href":"https:\/\/api.w.org\/{rel}","templated":true}]}}

Håndvævet Kilim Pudebetræk | Afghan Uld

<p class="font-claude-response-body break-words whitespace-normal" dir="ltr"><strong>Fantastisk håndvævet kelim pudecover | Afghan uld sæt af 3</strong></p>
<p class="font-claude-response-body break-words whitespace-normal" dir="ltr">Dette&nbsp; håndvævede kelim pudecover | Afghan uld sæt af 3 er ægte håndvævet og bringer en smuk, livlig, solrig energi til enhver interiør. Dristig i farve, ren i lodret stribede komposition og rig på håndvævet tekstur, gør dette sæt et slående statement i vores kelim pude samling.</p>
<p class="font-claude-response-body break-words whitespace-normal" dir="ltr"><strong>Håndvævet kelim pudecover | Afghan uld cover&nbsp; sæt af 3 design og karakter</strong></p>
<p class="font-claude-response-body break-words whitespace-normal" dir="ltr">Hvert cover har klare lodrette striber i orange, sennepsgul og creme, der løber over det meste af stykket, toppet med et solidt farveblok bånd, et i skifergrå og de andre to i denimblå. Denne delte struktur binder de tre covers sammen som en energisk, koordineret trio, perfekt til at tilføje et varmt farvepift til en neutral sofa eller seng.</p>
<p class="font-claude-response-body break-words whitespace-normal" dir="ltr"><strong>Hvorfor vælge dette håndvævede kelim pudecover | Afghan uld&nbsp; sæt af 3</strong></p>
<p class="font-claude-response-body break-words whitespace-normal" dir="ltr">Hvert cover er håndvævet af ægte kelim, helt unik og én af slagsen.</p>
<p class="font-claude-response-body break-words whitespace-normal" dir="ltr">✅ <strong> Nøglefunktioner:</strong></p>
<ul class="[li_&amp;]:mb-0 [li_&amp;]:mt-1 [li_&amp;]:gap-1 [&amp;:not(:last-child)_ul]:pb-1 [&amp;:not(:last-child)_ol]:pb-1 list-disc flex flex-col gap-1 pl-8 mb-3 print:block print:space-y-1" dir="ltr">
<li class="font-claude-response-body whitespace-normal break-words pl-2">Håndvævet orange sennep kilim pudecover sæt af 3</li>
<li class="font-claude-response-body whitespace-normal break-words pl-2">Ægte kilim konstruktion</li>
<li class="font-claude-response-body whitespace-normal break-words pl-2">Lodret stribedesign med farveblok accent</li>
<li class="font-claude-response-body whitespace-normal break-words pl-2">Farver: Orange, sennepsgul, creme, denimblå &amp; skifergrå</li>
<li class="font-claude-response-body whitespace-normal break-words pl-2">Kontrast pipede kanter</li>
<li class="font-claude-response-body whitespace-normal break-words pl-2">Zipperlukning på hvert cover</li>
<li class="font-claude-response-body whitespace-normal break-words pl-2">Størrelse: 50 x 50 cm hver (20&#8243; x 20&#8243;)</li>
<li class="font-claude-response-body whitespace-normal break-words pl-2">Indlæg ikke inkluderet</li>
</ul>

<p class="font-claude-response-body break-words whitespace-normal" dir="ltr">Dette håndvævede Kelim-pude betræk | Afghan uld sæt af 3 er livligt, solrigt og smukt tekstureret. Hver betræk har iøjnefaldende lodrette striber i orange, sennep og creme, toppet med en farveblokbånd i skifergrå eller denimblå, tre energiske stykker forenet af en fælles palette.</p>
<p class="font-claude-response-body break-words whitespace-normal" dir="ltr">Størrelse: 50 x 50 cm hver | Kontrastpiped kanter | Lynlås lukning | Indlæg ikke inkluderet.</p>
