{"id":28639,"date":"2026-07-09T22:37:37","date_gmt":"2026-07-09T20:37:37","guid":{"rendered":"https:\/\/kelimshop.com\/product\/art-deco\/"},"modified":"2026-08-10T01:02:52","modified_gmt":"2026-08-09T23:02:52","slug":"exceptionelt-art-deco-handlavet-taeppe-3","status":"publish","type":"product","link":"https:\/\/kelimshop.com\/da\/vare\/exceptionelt-art-deco-handlavet-taeppe-3\/","title":{"rendered":"Exceptionelt Art Deco h\u00e5ndlavet t\u00e6ppe"},"content":{"rendered":"<p class=\"font-claude-response-body break-words whitespace-normal\">Oplev det us\u00e6dvanlige h\u00e5ndv\u00e6rk i dette Ekstraordin\u00e6re Art Deco H\u00e5ndlavede T\u00e6ppe, mesterligt h\u00e5ndknyttet af dygtige h\u00e5ndv\u00e6rkere i det nordlige Afghanistan, hvor \u00e5rhundreders t\u00e6ppev\u00e6vningstradition m\u00f8der uovertruffen h\u00e5ndv\u00e6rk. Dette Ekstraordin\u00e6re Art Deco H\u00e5ndlavede T\u00e6ppe st\u00e5r som en af de mest fejrede og forfinede t\u00e6ppestilarter, der findes i dag.<\/p>\n<h3 class=\"text-text-100 mt-3 -mb-1 text-[1.125rem] font-bold\">Art Deco H\u00e5ndlavet Uldt\u00e6ppe H\u00e5ndv\u00e6rk og Detalje<\/h3>\n<p class=\"font-claude-response-body break-words whitespace-normal\">Hvert Ekstraordin\u00e6re Art Deco H\u00e5ndlavede T\u00e6ppe kr\u00e6ver exceptionelle f\u00e6rdigheder, som kr\u00e6ver \u00e5rs dedikeret praksis og pr\u00e6cise knytteteknikker, der er arvet gennem generationer af afghanske mesterv\u00e6vere. Resultatet er et smukt detaljeret stykke, hvor hver knude fort\u00e6ller en historie om t\u00e5lmodighed, tradition og kunstnerisk dygtighed. Sofistikerede m\u00f8nstre, naturlige teksturer og elegant tonalt harmoni g\u00f8r dette t\u00e6ppe til et bem\u00e6rkelsesv\u00e6rdigt supplement til enhver indretning, moderne, klassisk eller nutidig.<\/p>\n<h3 class=\"text-text-100 mt-3 -mb-1 text-[1.125rem] font-bold\">Hvorfor dette Art Deco H\u00e5ndlavede Uldt\u00e6ppe h\u00f8rer hjemme i dit hjem<\/h3>\n<p class=\"font-claude-response-body break-words whitespace-normal\">Udover sin visuelle sk\u00f8nhed er dette t\u00e6ppe et \u00e6gte stykke af afghansk kulturarv, der b\u00e6rer h\u00e5ndv\u00e6rkerens personlige pr\u00e6g i hver h\u00e5ndbundne knude.<\/p>\n<p class=\"font-claude-response-body break-words whitespace-normal\"><strong>\u2714\ufe0f N\u00f8glefunktioner:<\/strong><\/p>\n<ul class=\"[li_&amp;]:mb-0 [li_&amp;]:mt-1 [li_&amp;]:gap-1 [&amp;:not(:last-child)_ul]:pb-1 [&amp;:not(:last-child)_ol]:pb-1 list-disc flex flex-col gap-1 pl-8 mb-3\">\n<li class=\"font-claude-response-body whitespace-normal break-words pl-2\">Eksklusivt Art Deco H\u00e5ndlavet Uldt\u00e6ppe<\/li>\n<li class=\"font-claude-response-body whitespace-normal break-words pl-2\">Mesterligt h\u00e5ndknyttet i det nordlige Afghanistan<\/li>\n<li class=\"font-claude-response-body whitespace-normal break-words pl-2\">Sofistikerede geometriske og botaniske m\u00f8nstre<\/li>\n<li class=\"font-claude-response-body whitespace-normal break-words pl-2\">Premium naturlige uldmaterialer<\/li>\n<li class=\"font-claude-response-body whitespace-normal break-words pl-2\">Fremragende knyttede pr\u00e6cision og detaljer<\/li>\n<li class=\"font-claude-response-body whitespace-normal break-words pl-2\">St\u00f8rrelse: 293 x243 cm<\/li>\n<li class=\"font-claude-response-body whitespace-normal break-words pl-2\">Perfekt til stuer, sovev\u00e6relser, spisestuer og kontorer<\/li>\n<\/ul>\n","protected":false},"excerpt":{"rendered":"<p class=\"font-claude-response-body break-words whitespace-normal\">Beundre den tidl\u00f8se sk\u00f8nhed i dette Exceptionelle Art Deco h\u00e5ndlavet t\u00e6ppe, der viser en betagende botanisk komposition af yndefulde blomsterformer, intrikate palmetter og delikate, flydende vinstokke, sat p\u00e5 et rigt tekstureret bl\u00f8dt abrash-grundlag. En mesterligt udformet klassisk kant indrammer hele designet med raffineret elegance. Hver knude er knyttet i h\u00e5nden af mesterh\u00e5ndv\u00e6rkere i det nordlige Afghanistan, hvilket g\u00f8r dette til et virkelig uerstatteligt, unikt stykke.<\/p>\n<p class=\"font-claude-response-body break-words whitespace-normal\"><strong>St\u00f8rrelse:<\/strong> 293 x 243 cm | H\u00e5ndknudt<\/p>\n","protected":false},"featured_media":15678,"comment_status":"closed","ping_status":"closed","template":"","meta":{"_acf_changed":false,"_gspb_post_css":"","jetpack_publicize_message":"{title}\n\n{excerpt}\n\n{url}","jetpack_publicize_feature_enabled":true,"jetpack_social_post_already_shared":true,"jetpack_social_options":{"image_generator_settings":{"template":"highway","default_image_id":0,"font":"","enabled":false},"version":2},"_wpas_customize_per_network":false},"product_brand":[],"product_cat":[1676,3532,1682],"product_tag":[3910,3533,3535,3536,3537,3914,3539,3538,3540,3541,3918,3916,3958,3912,3917,3534,3911,3913,3915,3542],"class_list":["post-28639","product","type-product","status-publish","has-post-thumbnail","product_cat-alle-taepper","product_cat-art-deco-taepper","product_cat-handknyttede-taepper","product_tag-afghan-taeppe","product_tag-afghansk-taeppe","product_tag-art-deco-taeppe","product_tag-geometrisk-taeppe","product_tag-haandknyttet-taeppe","product_tag-haandlavet-afghansk-art-deco-taeppe","product_tag-haandlavet-gulvtaeppe","product_tag-haandlavet-taeppe","product_tag-hjem-decor","product_tag-indretningsdesign","product_tag-kontor-taeppe","product_tag-luksus-taeppe","product_tag-moderne-taeppe-2","product_tag-moderne-taeppe","product_tag-naturlig-uld","product_tag-omraadetaeppe","product_tag-sovevaerelse-taeppe","product_tag-spisestue-taeppe","product_tag-stue-taeppe","product_tag-uld-taeppe","first","instock","shipping-taxable","purchasable","product-type-simple"],"bundled_by":[],"bundle_stock_status":"instock","bundle_stock_quantity":1,"bundle_virtual":false,"bundle_layout":"","bundle_add_to_cart_form_location":"","bundle_editable_in_cart":false,"bundle_sold_individually_context":"","bundle_item_grouping":"","bundle_min_size":"","bundle_max_size":"","bundle_price":[],"bundled_items":[],"bundle_sell_ids":[],"ct_brands":[],"acf":{"length":293,"width":243,"weight":0,"approximate_dimensions":true,"location":"300x250 art deco"},"jetpack_publicize_connections":[],"jetpack_sharing_enabled":true,"jetpack_likes_enabled":true,"_links":{"self":[{"href":"https:\/\/kelimshop.com\/da\/wp-json\/wp\/v2\/product\/28639","targetHints":{"allow":["GET"]}}],"collection":[{"href":"https:\/\/kelimshop.com\/da\/wp-json\/wp\/v2\/product"}],"about":[{"href":"https:\/\/kelimshop.com\/da\/wp-json\/wp\/v2\/types\/product"}],"replies":[{"embeddable":true,"href":"https:\/\/kelimshop.com\/da\/wp-json\/wp\/v2\/comments?post=28639"}],"wp:featuredmedia":[{"embeddable":true,"href":"https:\/\/kelimshop.com\/da\/wp-json\/wp\/v2\/media\/15678"}],"wp:attachment":[{"href":"https:\/\/kelimshop.com\/da\/wp-json\/wp\/v2\/media?parent=28639"}],"wp:term":[{"taxonomy":"product_brand","embeddable":true,"href":"https:\/\/kelimshop.com\/da\/wp-json\/wp\/v2\/product_brand?post=28639"},{"taxonomy":"product_cat","embeddable":true,"href":"https:\/\/kelimshop.com\/da\/wp-json\/wp\/v2\/product_cat?post=28639"},{"taxonomy":"product_tag","embeddable":true,"href":"https:\/\/kelimshop.com\/da\/wp-json\/wp\/v2\/product_tag?post=28639"}],"curies":[{"name":"wp","href":"https:\/\/api.w.org\/{rel}","templated":true}]}}

Exceptionelt Art Deco håndlavet tæppe

<p class="font-claude-response-body break-words whitespace-normal">Oplev det usædvanlige håndværk i dette Ekstraordinære Art Deco Håndlavede Tæppe, mesterligt håndknyttet af dygtige håndværkere i det nordlige Afghanistan, hvor århundreders tæppevævningstradition møder uovertruffen håndværk. Dette Ekstraordinære Art Deco Håndlavede Tæppe står som en af de mest fejrede og forfinede tæppestilarter, der findes i dag.</p>
<h3 class="text-text-100 mt-3 -mb-1 text-[1.125rem] font-bold">Art Deco Håndlavet Uldtæppe Håndværk og Detalje</h3>
<p class="font-claude-response-body break-words whitespace-normal">Hvert Ekstraordinære Art Deco Håndlavede Tæppe kræver exceptionelle færdigheder, som kræver års dedikeret praksis og præcise knytteteknikker, der er arvet gennem generationer af afghanske mestervævere. Resultatet er et smukt detaljeret stykke, hvor hver knude fortæller en historie om tålmodighed, tradition og kunstnerisk dygtighed. Sofistikerede mønstre, naturlige teksturer og elegant tonalt harmoni gør dette tæppe til et bemærkelsesværdigt supplement til enhver indretning, moderne, klassisk eller nutidig.</p>
<h3 class="text-text-100 mt-3 -mb-1 text-[1.125rem] font-bold">Hvorfor dette Art Deco Håndlavede Uldtæppe hører hjemme i dit hjem</h3>
<p class="font-claude-response-body break-words whitespace-normal">Udover sin visuelle skønhed er dette tæppe et ægte stykke af afghansk kulturarv, der bærer håndværkerens personlige præg i hver håndbundne knude.</p>
<p class="font-claude-response-body break-words whitespace-normal"><strong>✔️ Nøglefunktioner:</strong></p>
<ul class="[li_&amp;]:mb-0 [li_&amp;]:mt-1 [li_&amp;]:gap-1 [&amp;:not(:last-child)_ul]:pb-1 [&amp;:not(:last-child)_ol]:pb-1 list-disc flex flex-col gap-1 pl-8 mb-3">
<li class="font-claude-response-body whitespace-normal break-words pl-2">Eksklusivt Art Deco Håndlavet Uldtæppe</li>
<li class="font-claude-response-body whitespace-normal break-words pl-2">Mesterligt håndknyttet i det nordlige Afghanistan</li>
<li class="font-claude-response-body whitespace-normal break-words pl-2">Sofistikerede geometriske og botaniske mønstre</li>
<li class="font-claude-response-body whitespace-normal break-words pl-2">Premium naturlige uldmaterialer</li>
<li class="font-claude-response-body whitespace-normal break-words pl-2">Fremragende knyttede præcision og detaljer</li>
<li class="font-claude-response-body whitespace-normal break-words pl-2">Størrelse: 293 x243 cm</li>
<li class="font-claude-response-body whitespace-normal break-words pl-2">Perfekt til stuer, soveværelser, spisestuer og kontorer</li>
</ul>

<p class="font-claude-response-body break-words whitespace-normal">Beundre den tidløse skønhed i dette Exceptionelle Art Deco håndlavet tæppe, der viser en betagende botanisk komposition af yndefulde blomsterformer, intrikate palmetter og delikate, flydende vinstokke, sat på et rigt tekstureret blødt abrash-grundlag. En mesterligt udformet klassisk kant indrammer hele designet med raffineret elegance. Hver knude er knyttet i hånden af mesterhåndværkere i det nordlige Afghanistan, hvilket gør dette til et virkelig uerstatteligt, unikt stykke.</p>
<p class="font-claude-response-body break-words whitespace-normal"><strong>Størrelse:</strong> 293 x 243 cm | Håndknudt</p>
