{"id":16478,"date":"2026-07-10T00:20:09","date_gmt":"2026-07-09T22:20:09","guid":{"rendered":"https:\/\/kelimshop.com\/product\/medallion-art-deco\/"},"modified":"2026-07-11T22:50:20","modified_gmt":"2026-07-11T20:50:20","slug":"tapis-a-medaillon-art-deco-noue-a-la-main","status":"publish","type":"product","link":"https:\/\/kelimshop.com\/fr\/produit\/tapis-a-medaillon-art-deco-noue-a-la-main\/","title":{"rendered":"Tapis \u00e0 m\u00e9daillon Art D\u00e9co nou\u00e9 \u00e0 la main"},"content":{"rendered":"<p class=\"font-claude-response-body break-words whitespace-normal\">D\u00e9couvrez l&rsquo;extraordinaire art de ce tapis Medallion Art Deco fait \u00e0 la main, habilement nou\u00e9 \u00e0 la main par des artisans qualifi\u00e9s dans le nord de l&rsquo;Afghanistan, o\u00f9 des si\u00e8cles de tradition de tissage de tapis rencontrent un savoir-faire in\u00e9gal\u00e9. Ce tapis Medallion Art Deco fait \u00e0 la main est l&rsquo;un des styles de tapis les plus c\u00e9l\u00e9br\u00e9s et raffin\u00e9s disponibles aujourd&rsquo;hui.<\/p>\n<h3 class=\"text-text-100 mt-3 -mb-1 text-[1.125rem] font-bold\">Artisanat et d\u00e9tails du tapis en laine fait \u00e0 la main Art Deco<\/h3>\n<p class=\"font-claude-response-body break-words whitespace-normal\">Chaque tapis Medallion Art Deco fait \u00e0 la main exige une comp\u00e9tence exceptionnelle n\u00e9cessitant des ann\u00e9es de pratique d\u00e9di\u00e9e et des techniques de nouage pr\u00e9cises transmises \u00e0 travers des g\u00e9n\u00e9rations de ma\u00eetres tisseurs afghans. Le r\u00e9sultat est une pi\u00e8ce magnifiquement d\u00e9taill\u00e9e o\u00f9 chaque n\u0153ud raconte une histoire de patience, de tradition et d&rsquo;excellence artisanale. Des motifs sophistiqu\u00e9s, des textures naturelles et une harmonie tonale \u00e9l\u00e9gante font de ce tapis un ajout remarquable \u00e0 tout int\u00e9rieur moderne, classique ou contemporain.<\/p>\n<h3 class=\"text-text-100 mt-3 -mb-1 text-[1.125rem] font-bold\">Pourquoi ce tapis artisanal en laine Art Deco a sa place chez vous<\/h3>\n<p class=\"font-claude-response-body break-words whitespace-normal\">Au-del\u00e0 de sa beaut\u00e9 visuelle, ce tapis est une v\u00e9ritable pi\u00e8ce du patrimoine culturel afghan portant la touche personnelle de l&rsquo;artisan dans chaque n\u0153ud nou\u00e9 \u00e0 la main.<\/p>\n<p class=\"font-claude-response-body break-words whitespace-normal\"><strong>\u2705 Caract\u00e9ristiques cl\u00e9s :<\/strong><\/p>\n<ul class=\"[li_&amp;]:mb-0 [li_&amp;]:mt-1 [li_&amp;]:gap-1 [&amp;:not(:last-child)_ul]:pb-1 [&amp;:not(:last-child)_ol]:pb-1 list-disc flex flex-col gap-1 pl-8 mb-3\">\n<li class=\"font-claude-response-body whitespace-normal break-words pl-2\">Tapis en laine fait \u00e0 la main Art Deco exclusif<\/li>\n<li class=\"font-claude-response-body whitespace-normal break-words pl-2\">Nou\u00e9 \u00e0 la main dans le nord de l&rsquo;Afghanistan<\/li>\n<li class=\"font-claude-response-body whitespace-normal break-words pl-2\">Motifs g\u00e9om\u00e9triques et botaniques sophistiqu\u00e9s<\/li>\n<li class=\"font-claude-response-body whitespace-normal break-words pl-2\">Mat\u00e9riaux en laine naturelle de premi\u00e8re qualit\u00e9<\/li>\n<li class=\"font-claude-response-body whitespace-normal break-words pl-2\">Pr\u00e9cision et d\u00e9tail de nouage exceptionnels<\/li>\n<li class=\"font-claude-response-body whitespace-normal break-words pl-2\">Taille : 296 x 249 cm<\/li>\n<li class=\"font-claude-response-body whitespace-normal break-words pl-2\">Parfait pour les salons, chambres, salles \u00e0 manger et bureaux<\/li>\n<\/ul>\n","protected":false},"excerpt":{"rendered":"<p class=\"font-claude-response-body break-words whitespace-normal\">Admirez la beaut\u00e9 intemporelle de ce tapis \u00e0 m\u00e9daillon Art D\u00e9co nou\u00e9 \u00e0 la main pr\u00e9sentant une composition botanique \u00e9poustouflante de formes florales gracieuses, de palmettes complexes et de volutes de vignes d\u00e9licatement sinueuses, sur un fond richement textur\u00e9 et doux. Une bordure classique habilement con\u00e7ue encadre l&rsquo;ensemble du design avec \u00e9l\u00e9gance. Chaque n\u0153ud est fait \u00e0 la main par des artisans ma\u00eetres dans le nord de l&rsquo;Afghanistan, ce qui en fait une pi\u00e8ce vraiment irrempla\u00e7able et unique.<\/p>\n<p class=\"font-claude-response-body break-words whitespace-normal\"><strong>Taille :<\/strong> 296 x 249 cm | Nou\u00e9 \u00e0 la main<\/p>\n","protected":false},"featured_media":16479,"comment_status":"closed","ping_status":"closed","template":"","meta":{"_acf_changed":false,"_gspb_post_css":"","jetpack_publicize_message":"{title}\n\n{excerpt}\n\n{url}","jetpack_publicize_feature_enabled":true,"jetpack_social_post_already_shared":true,"jetpack_social_options":{"image_generator_settings":{"template":"highway","default_image_id":0,"font":"","enabled":false},"version":2},"_wpas_customize_per_network":false},"product_brand":[],"product_cat":[3511,1683,1677],"product_tag":[3518,3519,3898,3889,3512,3514,3893,3891,3899,3890,3896,3892,3895,3513,3520,3517,3894,3515,3897,3516],"class_list":["post-16478","product","type-product","status-publish","has-post-thumbnail","product_cat-tapis-art-deco","product_cat-tapis-noues-a-la-main","product_cat-tous-les-tapis","product_tag-deco-interieure","product_tag-design-dinterieur","product_tag-laine-naturelle","product_tag-tapis-afghan-2","product_tag-tapis-afghan","product_tag-tapis-art-deco","product_tag-tapis-art-deco-afghan-fait-a-la-main","product_tag-tapis-contemporain","product_tag-tapis-de-bureau","product_tag-tapis-de-chambre","product_tag-tapis-de-luxe","product_tag-tapis-de-salle-a-manger","product_tag-tapis-de-salon","product_tag-tapis-de-zone","product_tag-tapis-en-laine","product_tag-tapis-fait-main","product_tag-tapis-fait-main-2","product_tag-tapis-geometrique","product_tag-tapis-moderne","product_tag-tapis-noue-a-la-main","first","instock","sale","shipping-taxable","purchasable","product-type-simple"],"bundled_by":[],"bundle_stock_status":"instock","bundle_stock_quantity":1,"bundle_virtual":false,"bundle_layout":"","bundle_add_to_cart_form_location":"","bundle_editable_in_cart":false,"bundle_sold_individually_context":"","bundle_item_grouping":"","bundle_min_size":"","bundle_max_size":"","bundle_price":[],"bundled_items":[],"bundle_sell_ids":[],"ct_brands":[],"acf":{"length":296,"width":249,"weight":0,"approximate_dimensions":true,"location":"300x250 art deco"},"jetpack_publicize_connections":[],"jetpack_sharing_enabled":true,"jetpack_likes_enabled":true,"_links":{"self":[{"href":"https:\/\/kelimshop.com\/fr\/wp-json\/wp\/v2\/product\/16478","targetHints":{"allow":["GET"]}}],"collection":[{"href":"https:\/\/kelimshop.com\/fr\/wp-json\/wp\/v2\/product"}],"about":[{"href":"https:\/\/kelimshop.com\/fr\/wp-json\/wp\/v2\/types\/product"}],"replies":[{"embeddable":true,"href":"https:\/\/kelimshop.com\/fr\/wp-json\/wp\/v2\/comments?post=16478"}],"wp:featuredmedia":[{"embeddable":true,"href":"https:\/\/kelimshop.com\/fr\/wp-json\/wp\/v2\/media\/16479"}],"wp:attachment":[{"href":"https:\/\/kelimshop.com\/fr\/wp-json\/wp\/v2\/media?parent=16478"}],"wp:term":[{"taxonomy":"product_brand","embeddable":true,"href":"https:\/\/kelimshop.com\/fr\/wp-json\/wp\/v2\/product_brand?post=16478"},{"taxonomy":"product_cat","embeddable":true,"href":"https:\/\/kelimshop.com\/fr\/wp-json\/wp\/v2\/product_cat?post=16478"},{"taxonomy":"product_tag","embeddable":true,"href":"https:\/\/kelimshop.com\/fr\/wp-json\/wp\/v2\/product_tag?post=16478"}],"curies":[{"name":"wp","href":"https:\/\/api.w.org\/{rel}","templated":true}]}}

Tapis à médaillon Art Déco noué à la main

<p class="font-claude-response-body break-words whitespace-normal">Découvrez l&rsquo;extraordinaire art de ce tapis Medallion Art Deco fait à la main, habilement noué à la main par des artisans qualifiés dans le nord de l&rsquo;Afghanistan, où des siècles de tradition de tissage de tapis rencontrent un savoir-faire inégalé. Ce tapis Medallion Art Deco fait à la main est l&rsquo;un des styles de tapis les plus célébrés et raffinés disponibles aujourd&rsquo;hui.</p>
<h3 class="text-text-100 mt-3 -mb-1 text-[1.125rem] font-bold">Artisanat et détails du tapis en laine fait à la main Art Deco</h3>
<p class="font-claude-response-body break-words whitespace-normal">Chaque tapis Medallion Art Deco fait à la main exige une compétence exceptionnelle nécessitant des années de pratique dédiée et des techniques de nouage précises transmises à travers des générations de maîtres tisseurs afghans. Le résultat est une pièce magnifiquement détaillée où chaque nœud raconte une histoire de patience, de tradition et d&rsquo;excellence artisanale. Des motifs sophistiqués, des textures naturelles et une harmonie tonale élégante font de ce tapis un ajout remarquable à tout intérieur moderne, classique ou contemporain.</p>
<h3 class="text-text-100 mt-3 -mb-1 text-[1.125rem] font-bold">Pourquoi ce tapis artisanal en laine Art Deco a sa place chez vous</h3>
<p class="font-claude-response-body break-words whitespace-normal">Au-delà de sa beauté visuelle, ce tapis est une véritable pièce du patrimoine culturel afghan portant la touche personnelle de l&rsquo;artisan dans chaque nœud noué à la main.</p>
<p class="font-claude-response-body break-words whitespace-normal"><strong>✅ Caractéristiques clés :</strong></p>
<ul class="[li_&amp;]:mb-0 [li_&amp;]:mt-1 [li_&amp;]:gap-1 [&amp;:not(:last-child)_ul]:pb-1 [&amp;:not(:last-child)_ol]:pb-1 list-disc flex flex-col gap-1 pl-8 mb-3">
<li class="font-claude-response-body whitespace-normal break-words pl-2">Tapis en laine fait à la main Art Deco exclusif</li>
<li class="font-claude-response-body whitespace-normal break-words pl-2">Noué à la main dans le nord de l&rsquo;Afghanistan</li>
<li class="font-claude-response-body whitespace-normal break-words pl-2">Motifs géométriques et botaniques sophistiqués</li>
<li class="font-claude-response-body whitespace-normal break-words pl-2">Matériaux en laine naturelle de première qualité</li>
<li class="font-claude-response-body whitespace-normal break-words pl-2">Précision et détail de nouage exceptionnels</li>
<li class="font-claude-response-body whitespace-normal break-words pl-2">Taille : 296 x 249 cm</li>
<li class="font-claude-response-body whitespace-normal break-words pl-2">Parfait pour les salons, chambres, salles à manger et bureaux</li>
</ul>

<p class="font-claude-response-body break-words whitespace-normal">Admirez la beauté intemporelle de ce tapis à médaillon Art Déco noué à la main présentant une composition botanique époustouflante de formes florales gracieuses, de palmettes complexes et de volutes de vignes délicatement sinueuses, sur un fond richement texturé et doux. Une bordure classique habilement conçue encadre l&rsquo;ensemble du design avec élégance. Chaque nœud est fait à la main par des artisans maîtres dans le nord de l&rsquo;Afghanistan, ce qui en fait une pièce vraiment irremplaçable et unique.</p>
<p class="font-claude-response-body break-words whitespace-normal"><strong>Taille :</strong> 296 x 249 cm | Noué à la main</p>
