{"id":10539,"date":"2026-05-20T21:22:49","date_gmt":"2026-05-20T19:22:49","guid":{"rendered":"https:\/\/kelimshop.com\/?post_type=product&#038;p=5730"},"modified":"2026-06-25T12:24:00","modified_gmt":"2026-06-25T10:24:00","slug":"antique-kilim-cushion-cover","status":"publish","type":"product","link":"https:\/\/kelimshop.com\/it\/prodotto\/antique-kilim-cushion-cover\/","title":{"rendered":"Antika Kilim Yast\u0131k K\u0131l\u0131f\u0131"},"content":{"rendered":"<p class=\"font-claude-response-body break-words whitespace-normal leading-[1.7]\">Bu ola\u011fan\u00fcst\u00fc \u00fc\u00e7 antika kilim yast\u0131k k\u0131l\u0131f\u0131 seti, ger\u00e7ek bir koleksiyon par\u00e7as\u0131d\u0131r. Her bir k\u0131l\u0131f, ya\u015fl\u0131 kilim par\u00e7alar\u0131ndan kesilerek ve el i\u015f\u00e7ili\u011fi ile tamamlanarak birer bireysellik ta\u015f\u0131r &#8211; bu da hi\u00e7bir iki setin tam olarak ayn\u0131 olmad\u0131\u011f\u0131 anlam\u0131na gelir. Derin k\u0131rm\u0131z\u0131, k\u00f6m\u00fcr rengi, yanan turuncu, deve rengi ve neredeyse siyah tonlar\u0131n\u0131n zengin, do\u011fal renk paleti, her odada s\u0131cak ve dramatik bir ifade olu\u015fturur. Evinize ham, dam\u0131tmadan gelen zanaat enerjisi katmak istediyseniz, bu sizin i\u00e7in seti.<\/p>\n<p class=\"font-claude-response-body break-words whitespace-normal leading-[1.7]\"><strong>K\u0131l\u0131f Bir<\/strong>, derin siyah zemin \u00fczerinde k\u0131rm\u0131z\u0131 ve alt\u0131n vurgularla kapl\u0131, her taraf\u0131 elmas ve kum saati geometrik desenine sahip &#8211; cesur, grafik ve yo\u011fun \u015fekilde g\u00f6ze \u00e7arpan bir tasar\u0131md\u0131r. Bir odaya girdi\u011fi anda dikkat \u00e7eker ve koyu deri kanepeler, do\u011fal ah\u015fap mobilyalar veya s\u0131cak tonlu i\u00e7 mekanlarla kolayca e\u015fle\u015fir.<\/p>\n<p class=\"font-claude-response-body break-words whitespace-normal leading-[1.7]\"><strong>K\u0131l\u0131f \u0130ki<\/strong>, gri zeminli geni\u015f yan\u0131k turuncu bir \u00e7er\u00e7eve ile ortada yer al\u0131r ve k\u0131rm\u0131z\u0131 ile kahverengi aras\u0131ndaki simetrik kabile motifleriyle doludur &#8211; \u00fc\u00e7l\u00fcn\u00fcn en dengeli ve klasik olan\u0131d\u0131r. Setin y\u00fckse\u011fi olarak hareket eder, her iki yandan gelen daha cesur k\u0131l\u0131flar\u0131 bir denge hissi ve g\u00f6rsel yap\u0131 ile toplayarak yerle\u015ftirir.<\/p>\n<p class=\"font-claude-response-body break-words whitespace-normal leading-[1.7]\"><strong>K\u0131l\u0131f \u00dc\u00e7<\/strong>, ilkinde bulunan zengin s\u0131cakl\u0131\u011f\u0131 hafif daha a\u00e7\u0131k bir do\u011fal zeminle yans\u0131t\u0131r, yo\u011fun geometrik deseni k\u0131rm\u0131z\u0131, gri ve alt\u0131n tonlar\u0131nda &#8211; di\u011fer ikisiyle aras\u0131nda m\u00fckemmel bir g\u00f6rsel k\u00f6pr\u00fc. Katmanlanm\u0131\u015f desen \u00e7al\u0131\u015fmas\u0131, her dokuma hatt\u0131n\u0131n arkas\u0131ndaki ola\u011fan\u00fcst\u00fc sanat ve sabr\u0131 ortaya \u00e7\u0131kar\u0131yor.<\/p>\n<p class=\"font-claude-response-body break-words whitespace-normal leading-[1.7]\"><strong>\u00d6zellikler<\/strong><\/p>\n<ul class=\"[li_&amp;]:mb-0 [li_&amp;]:mt-1 [li_&amp;]:gap-1 [&amp;:not(:last-child)_ul]:pb-1 [&amp;:not(:last-child)_ol]:pb-1 list-disc flex flex-col gap-1 pl-8 mb-3\">\n<li class=\"font-claude-response-body whitespace-normal break-words pl-2\">3 adet bireysel yast\u0131k k\u0131l\u0131f\u0131 seti<\/li>\n<li class=\"font-claude-response-body whitespace-normal break-words pl-2\">Her k\u0131l\u0131f benzersizdir &#8211; antika kilim kayna\u011f\u0131<\/li>\n<li class=\"font-claude-response-body whitespace-normal break-words pl-2\">\u00c7er\u00e7eve kenar kaplamas\u0131<\/li>\n<li class=\"font-claude-response-body whitespace-normal break-words pl-2\">Kilimshop markal\u0131 dokuma etiketi<\/li>\n<li class=\"font-claude-response-body whitespace-normal break-words pl-2\">Gizli fermuar kapan\u0131\u015f\u0131<\/li>\n<li class=\"font-claude-response-body whitespace-normal break-words pl-2\">Standart ca 45&#215;45 cm ekleme uyar<\/li>\n<\/ul>\n","protected":false},"excerpt":{"rendered":"<p>A bold and characterful set of three antique kilim cushion covers, each featuring striking geometric patterns in deep red, charcoal grey, burnt orange, and earthy gold. Handcrafted with authentic aged character, this set brings raw artisan energy and timeless tribal style into any interior.<\/p>\n<p><strong>Size:<\/strong> ca 45 x 45 cm each | <strong>Zipper closure<\/strong><\/p>\n","protected":false},"featured_media":5734,"comment_status":"closed","ping_status":"closed","template":"","meta":{"_acf_changed":false,"_gspb_post_css":"","jetpack_publicize_message":"{title}\n\n{excerpt}\n\n{url}","jetpack_publicize_feature_enabled":true,"jetpack_social_post_already_shared":true,"jetpack_social_options":{"image_generator_settings":{"template":"highway","default_image_id":0,"font":"","enabled":false},"version":2},"_wpas_customize_per_network":false},"product_brand":[],"product_cat":[1768,1775],"product_tag":[4626,3036,3222,3039,4531,3241,2903,3242,3037,3478],"class_list":["post-10539","product","type-product","status-publish","has-post-thumbnail","product_cat-cuscini-kilim","product_cat-cuscini-kilim-antichi","product_tag-3-adet-yastik-kilifi-seti","product_tag-45x45-yastik-kilifi","product_tag-cuscino-kilim-antico","product_tag-boho-yastik-seti","product_tag-4531","product_tag-kabile-yastik-kilifi","product_tag-kilim-ev-dekoru","product_tag-vintage-kilim-yastigi","product_tag-zanaat-yastigi","product_tag-3478","first","instock","sold-individually","shipping-taxable","purchasable","product-type-simple"],"bundled_by":[],"bundle_stock_status":"instock","bundle_stock_quantity":1,"bundle_virtual":false,"bundle_layout":"","bundle_add_to_cart_form_location":"","bundle_editable_in_cart":false,"bundle_sold_individually_context":"","bundle_item_grouping":"","bundle_min_size":"","bundle_max_size":"","bundle_price":[],"bundled_items":[],"bundle_sell_ids":[],"ct_brands":[],"acf":{"length":45,"width":45,"weight":0,"approximate_dimensions":true,"location":""},"jetpack_publicize_connections":[],"jetpack_sharing_enabled":true,"jetpack_likes_enabled":true,"_links":{"self":[{"href":"https:\/\/kelimshop.com\/it\/wp-json\/wp\/v2\/product\/10539","targetHints":{"allow":["GET"]}}],"collection":[{"href":"https:\/\/kelimshop.com\/it\/wp-json\/wp\/v2\/product"}],"about":[{"href":"https:\/\/kelimshop.com\/it\/wp-json\/wp\/v2\/types\/product"}],"replies":[{"embeddable":true,"href":"https:\/\/kelimshop.com\/it\/wp-json\/wp\/v2\/comments?post=10539"}],"wp:featuredmedia":[{"embeddable":true,"href":"https:\/\/kelimshop.com\/it\/wp-json\/wp\/v2\/media\/5734"}],"wp:attachment":[{"href":"https:\/\/kelimshop.com\/it\/wp-json\/wp\/v2\/media?parent=10539"}],"wp:term":[{"taxonomy":"product_brand","embeddable":true,"href":"https:\/\/kelimshop.com\/it\/wp-json\/wp\/v2\/product_brand?post=10539"},{"taxonomy":"product_cat","embeddable":true,"href":"https:\/\/kelimshop.com\/it\/wp-json\/wp\/v2\/product_cat?post=10539"},{"taxonomy":"product_tag","embeddable":true,"href":"https:\/\/kelimshop.com\/it\/wp-json\/wp\/v2\/product_tag?post=10539"}],"curies":[{"name":"wp","href":"https:\/\/api.w.org\/{rel}","templated":true}]}}

Antika Kilim Yastık Kılıfı

<p class="font-claude-response-body break-words whitespace-normal leading-[1.7]">Bu olağanüstü üç antika kilim yastık kılıfı seti, gerçek bir koleksiyon parçasıdır. Her bir kılıf, yaşlı kilim parçalarından kesilerek ve el işçiliği ile tamamlanarak birer bireysellik taşır &#8211; bu da hiçbir iki setin tam olarak aynı olmadığı anlamına gelir. Derin kırmızı, kömür rengi, yanan turuncu, deve rengi ve neredeyse siyah tonlarının zengin, doğal renk paleti, her odada sıcak ve dramatik bir ifade oluşturur. Evinize ham, damıtmadan gelen zanaat enerjisi katmak istediyseniz, bu sizin için seti.</p>
<p class="font-claude-response-body break-words whitespace-normal leading-[1.7]"><strong>Kılıf Bir</strong>, derin siyah zemin üzerinde kırmızı ve altın vurgularla kaplı, her tarafı elmas ve kum saati geometrik desenine sahip &#8211; cesur, grafik ve yoğun şekilde göze çarpan bir tasarımdır. Bir odaya girdiği anda dikkat çeker ve koyu deri kanepeler, doğal ahşap mobilyalar veya sıcak tonlu iç mekanlarla kolayca eşleşir.</p>
<p class="font-claude-response-body break-words whitespace-normal leading-[1.7]"><strong>Kılıf İki</strong>, gri zeminli geniş yanık turuncu bir çerçeve ile ortada yer alır ve kırmızı ile kahverengi arasındaki simetrik kabile motifleriyle doludur &#8211; üçlünün en dengeli ve klasik olanıdır. Setin yükseği olarak hareket eder, her iki yandan gelen daha cesur kılıfları bir denge hissi ve görsel yapı ile toplayarak yerleştirir.</p>
<p class="font-claude-response-body break-words whitespace-normal leading-[1.7]"><strong>Kılıf Üç</strong>, ilkinde bulunan zengin sıcaklığı hafif daha açık bir doğal zeminle yansıtır, yoğun geometrik deseni kırmızı, gri ve altın tonlarında &#8211; diğer ikisiyle arasında mükemmel bir görsel köprü. Katmanlanmış desen çalışması, her dokuma hattının arkasındaki olağanüstü sanat ve sabrı ortaya çıkarıyor.</p>
<p class="font-claude-response-body break-words whitespace-normal leading-[1.7]"><strong>Özellikler</strong></p>
<ul class="[li_&amp;]:mb-0 [li_&amp;]:mt-1 [li_&amp;]:gap-1 [&amp;:not(:last-child)_ul]:pb-1 [&amp;:not(:last-child)_ol]:pb-1 list-disc flex flex-col gap-1 pl-8 mb-3">
<li class="font-claude-response-body whitespace-normal break-words pl-2">3 adet bireysel yastık kılıfı seti</li>
<li class="font-claude-response-body whitespace-normal break-words pl-2">Her kılıf benzersizdir &#8211; antika kilim kaynağı</li>
<li class="font-claude-response-body whitespace-normal break-words pl-2">Çerçeve kenar kaplaması</li>
<li class="font-claude-response-body whitespace-normal break-words pl-2">Kilimshop markalı dokuma etiketi</li>
<li class="font-claude-response-body whitespace-normal break-words pl-2">Gizli fermuar kapanışı</li>
<li class="font-claude-response-body whitespace-normal break-words pl-2">Standart ca 45&#215;45 cm ekleme uyar</li>
</ul>
