{"id":18177,"date":"2026-07-25T00:53:15","date_gmt":"2026-07-24T22:53:15","guid":{"rendered":"https:\/\/kelimshop.com\/?post_type=product&#038;p=18129"},"modified":"2026-08-07T12:47:18","modified_gmt":"2026-08-07T10:47:18","slug":"kelim-kuddfodral-kontemporar-afghan-hantverk","status":"publish","type":"product","link":"https:\/\/kelimshop.com\/sv\/produkt\/kelim-kuddfodral-kontemporar-afghan-hantverk\/","title":{"rendered":"Kelim Kuddfodral | Kontempor\u00e4r Afghan Hantverk"},"content":{"rendered":"<p class=\"font-claude-response-body break-words whitespace-normal\" dir=\"ltr\"><strong>Fantastisk Kelim Kudd\u00f6verdrag | Modern Afghan Handgjord Set med 3<\/strong><\/p>\n<p class=\"font-claude-response-body break-words whitespace-normal\" dir=\"ltr\">Detta Kelim Kudd\u00f6verdrag | Modern Afghan Handgjord set med 3 \u00e4r verkligen handv\u00e4vt och tillf\u00f6r en vackert varm, d\u00e4mpad energi till alla interi\u00f6rer. Jordn\u00e4ra i ton, subtilt i randkarakt\u00e4r och rikt p\u00e5 handv\u00e4vd textur, \u00e4r denna set en av de mest m\u00e5ngsidiga grupperna i v\u00e5r kelim kudde samling.<\/p>\n<p class=\"font-claude-response-body break-words whitespace-normal\" dir=\"ltr\"><strong>Design och Karakt\u00e4r<\/strong><\/p>\n<p class=\"font-claude-response-body break-words whitespace-normal\" dir=\"ltr\">Varje \u00f6verdrag har horisontella band i m\u00f6rkbrunt och dammig turkos, en palett som k\u00e4nns lugn, jordad och utan anstr\u00e4ngning lager. Alla tre \u00f6verdrag delar samma sammans\u00e4ttning, med en djup brun bas t\u00e4ckt av en mjuk turkos rand, vilket ger trion ett sammanh\u00e5llet, koordinerat utseende n\u00e4r de stylas tillsammans.<\/p>\n<p class=\"font-claude-response-body break-words whitespace-normal\" dir=\"ltr\"><strong>Varf\u00f6r V\u00e4lja Detta Set<\/strong><\/p>\n<p class=\"font-claude-response-body break-words whitespace-normal\" dir=\"ltr\">Varje \u00f6verdrag \u00e4r handv\u00e4vt fr\u00e5n \u00e4kta kelim helt unikt och en av ett slag.<\/p>\n<p class=\"font-claude-response-body break-words whitespace-normal\" dir=\"ltr\">\u2705 <strong>Huvudfunktioner:<\/strong><\/p>\n<ul class=\"[li_&amp;]:mb-0 [li_&amp;]:mt-1 [li_&amp;]:gap-1 [&amp;:not(:last-child)_ul]:pb-1 [&amp;:not(:last-child)_ol]:pb-1 list-disc flex flex-col gap-1 pl-8 mb-3 print:block print:space-y-1\" dir=\"ltr\">\n<li class=\"font-claude-response-body whitespace-normal break-words pl-2\">Kelim Kudd\u00f6verdrag | Modern Afghan Handgjord set med 3<\/li>\n<li class=\"font-claude-response-body whitespace-normal break-words pl-2\">\u00c4kta kilimkonstruktion<\/li>\n<li class=\"font-claude-response-body whitespace-normal break-words pl-2\">Horisontell randdesign<\/li>\n<li class=\"font-claude-response-body whitespace-normal break-words pl-2\">F\u00e4rger: M\u00f6rkbrun &amp; Damig Turkos<\/li>\n<li class=\"font-claude-response-body whitespace-normal break-words pl-2\">M\u00f6rka pipade kanter<\/li>\n<li class=\"font-claude-response-body whitespace-normal break-words pl-2\">Dragkedjest\u00e4ngning p\u00e5 varje \u00f6verdrag<\/li>\n<li class=\"font-claude-response-body whitespace-normal break-words pl-2\">Storlek: 45 x 45 cm var och en (18&#8243; x 18&#8243;)<\/li>\n<li class=\"font-claude-response-body whitespace-normal break-words pl-2\">Inl\u00e4gg ing\u00e5r inte<\/li>\n<\/ul>\n","protected":false},"excerpt":{"rendered":"<p>Set med 3 Kelim Kuddfodral | Kontempor\u00e4r Afghan Hantverk, 45&#215;45 cm, med m\u00f6rkbruna och turkosa r\u00e4nder med m\u00f6rk piping. Dragkedje-st\u00e4ngning, endast fodral. Varje fodral \u00e4r genuint handv\u00e4vt, vilket g\u00f6r varje stycke unikt med naturlig textur och subtila f\u00e4rgvariationer. En m\u00e5ngsidig, jordn\u00e4ra kustpalett som tillf\u00f6r boho, hantverkskarakt\u00e4r till soffor och s\u00e4ngar.<\/p>\n","protected":false},"featured_media":18148,"comment_status":"closed","ping_status":"closed","template":"","meta":{"_acf_changed":false,"_gspb_post_css":"","jetpack_publicize_message":"{title}\n\n{excerpt}\n\n{url}","jetpack_publicize_feature_enabled":true,"jetpack_social_post_already_shared":true,"jetpack_social_options":{"image_generator_settings":{"template":"highway","default_image_id":0,"font":"","enabled":false},"version":2},"_wpas_customize_per_network":false},"product_brand":[],"product_cat":[1656,1659],"product_tag":[1873,4417,2104,1897,4415,4601,1864,1915,2112,4414,4424,1875,4600,4420,4426,4425,4422,4428,1924,1855,4429,4423,2156,4421,3973,4372,4427,1961,2116,2107,4419,4418,4413,4599,4412,1877,2310,4416,4430,2113],"class_list":["post-18177","product","type-product","status-publish","has-post-thumbnail","product_cat-kilim-cushions","product_cat-modern-kilim-cushions","product_tag-45x45-cushion-cover","product_tag-accent-pillow-cover","product_tag-bohemian-home-decor","product_tag-boho-pillow-cover","product_tag-farmhouse-decor-pillow","product_tag-brown-turquoise-cushion","product_tag-decorative-pillow-cover","product_tag-eclectic-home-decor","product_tag-ethnic-cushion-cover","product_tag-flatweave-cushion-cover","product_tag-square-cushion-cover-18x18","product_tag-handmade-home-decor","product_tag-handwoven-pillow-cover","product_tag-artisan-made-cushion","product_tag-sustainable-home-decor","product_tag-indoor-cushion-cover","product_tag-earthy-cushion-cover","product_tag-kilim-decor-accessories","product_tag-kilim-pillow-cover","product_tag-kilim-cushion-cover","product_tag-natural-dye-cushion-cover","product_tag-coastal-boho-cushion","product_tag-moroccan-style-cushion","product_tag-neutral-tone-cushion-cover","product_tag-striped-throw-pillow","product_tag-striped-cushion-cover","product_tag-fair-trade-cushion-cover","product_tag-rustic-cushion-cover","product_tag-set-of-3-cushion-covers","product_tag-sofa-cushion-cover","product_tag-textured-cushion-cover","product_tag-throw-pillow-cover","product_tag-tribal-print-cushion-cover","product_tag-turkish-kilim-pillow","product_tag-turkish-cushion-cover","product_tag-wool-cushion-cover","product_tag-statement-cushion-cover","product_tag-living-room-cushion-cover","product_tag-woven-pillow-case","product_tag-vintage-kilim-pillow","first","instock","sold-individually","shipping-taxable","purchasable","product-type-simple"],"bundled_by":[],"bundle_stock_status":"instock","bundle_stock_quantity":1,"bundle_virtual":false,"bundle_layout":"","bundle_add_to_cart_form_location":"","bundle_editable_in_cart":false,"bundle_sold_individually_context":"","bundle_item_grouping":"","bundle_min_size":"","bundle_max_size":"","bundle_price":[],"bundled_items":[],"bundle_sell_ids":[],"ct_brands":[],"acf":{"length":45,"width":45,"weight":0,"approximate_dimensions":true,"location":""},"jetpack_publicize_connections":[],"jetpack_sharing_enabled":true,"jetpack_likes_enabled":true,"_links":{"self":[{"href":"https:\/\/kelimshop.com\/sv\/wp-json\/wp\/v2\/product\/18177","targetHints":{"allow":["GET"]}}],"collection":[{"href":"https:\/\/kelimshop.com\/sv\/wp-json\/wp\/v2\/product"}],"about":[{"href":"https:\/\/kelimshop.com\/sv\/wp-json\/wp\/v2\/types\/product"}],"replies":[{"embeddable":true,"href":"https:\/\/kelimshop.com\/sv\/wp-json\/wp\/v2\/comments?post=18177"}],"wp:featuredmedia":[{"embeddable":true,"href":"https:\/\/kelimshop.com\/sv\/wp-json\/wp\/v2\/media\/18148"}],"wp:attachment":[{"href":"https:\/\/kelimshop.com\/sv\/wp-json\/wp\/v2\/media?parent=18177"}],"wp:term":[{"taxonomy":"product_brand","embeddable":true,"href":"https:\/\/kelimshop.com\/sv\/wp-json\/wp\/v2\/product_brand?post=18177"},{"taxonomy":"product_cat","embeddable":true,"href":"https:\/\/kelimshop.com\/sv\/wp-json\/wp\/v2\/product_cat?post=18177"},{"taxonomy":"product_tag","embeddable":true,"href":"https:\/\/kelimshop.com\/sv\/wp-json\/wp\/v2\/product_tag?post=18177"}],"curies":[{"name":"wp","href":"https:\/\/api.w.org\/{rel}","templated":true}]}}

Kelim Kuddfodral | Kontemporär Afghan Hantverk

<p class="font-claude-response-body break-words whitespace-normal" dir="ltr"><strong>Fantastisk Kelim Kuddöverdrag | Modern Afghan Handgjord Set med 3</strong></p>
<p class="font-claude-response-body break-words whitespace-normal" dir="ltr">Detta Kelim Kuddöverdrag | Modern Afghan Handgjord set med 3 är verkligen handvävt och tillför en vackert varm, dämpad energi till alla interiörer. Jordnära i ton, subtilt i randkaraktär och rikt på handvävd textur, är denna set en av de mest mångsidiga grupperna i vår kelim kudde samling.</p>
<p class="font-claude-response-body break-words whitespace-normal" dir="ltr"><strong>Design och Karaktär</strong></p>
<p class="font-claude-response-body break-words whitespace-normal" dir="ltr">Varje överdrag har horisontella band i mörkbrunt och dammig turkos, en palett som känns lugn, jordad och utan ansträngning lager. Alla tre överdrag delar samma sammansättning, med en djup brun bas täckt av en mjuk turkos rand, vilket ger trion ett sammanhållet, koordinerat utseende när de stylas tillsammans.</p>
<p class="font-claude-response-body break-words whitespace-normal" dir="ltr"><strong>Varför Välja Detta Set</strong></p>
<p class="font-claude-response-body break-words whitespace-normal" dir="ltr">Varje överdrag är handvävt från äkta kelim helt unikt och en av ett slag.</p>
<p class="font-claude-response-body break-words whitespace-normal" dir="ltr">✅ <strong>Huvudfunktioner:</strong></p>
<ul class="[li_&amp;]:mb-0 [li_&amp;]:mt-1 [li_&amp;]:gap-1 [&amp;:not(:last-child)_ul]:pb-1 [&amp;:not(:last-child)_ol]:pb-1 list-disc flex flex-col gap-1 pl-8 mb-3 print:block print:space-y-1" dir="ltr">
<li class="font-claude-response-body whitespace-normal break-words pl-2">Kelim Kuddöverdrag | Modern Afghan Handgjord set med 3</li>
<li class="font-claude-response-body whitespace-normal break-words pl-2">Äkta kilimkonstruktion</li>
<li class="font-claude-response-body whitespace-normal break-words pl-2">Horisontell randdesign</li>
<li class="font-claude-response-body whitespace-normal break-words pl-2">Färger: Mörkbrun &amp; Damig Turkos</li>
<li class="font-claude-response-body whitespace-normal break-words pl-2">Mörka pipade kanter</li>
<li class="font-claude-response-body whitespace-normal break-words pl-2">Dragkedjestängning på varje överdrag</li>
<li class="font-claude-response-body whitespace-normal break-words pl-2">Storlek: 45 x 45 cm var och en (18&#8243; x 18&#8243;)</li>
<li class="font-claude-response-body whitespace-normal break-words pl-2">Inlägg ingår inte</li>
</ul>

<p>Set med 3 Kelim Kuddfodral | Kontemporär Afghan Hantverk, 45&#215;45 cm, med mörkbruna och turkosa ränder med mörk piping. Dragkedje-stängning, endast fodral. Varje fodral är genuint handvävt, vilket gör varje stycke unikt med naturlig textur och subtila färgvariationer. En mångsidig, jordnära kustpalett som tillför boho, hantverkskaraktär till soffor och sängar.</p>
