{"id":19935,"date":"2026-07-25T14:17:06","date_gmt":"2026-07-25T12:17:06","guid":{"rendered":"https:\/\/kelimshop.com\/product\/art-deco-8\/"},"modified":"2026-08-07T12:36:57","modified_gmt":"2026-08-07T10:36:57","slug":"handknuten-geometrisk-afghansk-art-deco-ullmatta-6","status":"publish","type":"product","link":"https:\/\/kelimshop.com\/sv\/produkt\/handknuten-geometrisk-afghansk-art-deco-ullmatta-6\/","title":{"rendered":"Handknuten Geometrisk Afghansk Art Deco Ullmatta"},"content":{"rendered":"<p class=\"font-claude-response-body break-words whitespace-normal\" dir=\"ltr\">F\u00f6rdjupa dig i den rika traditionen av afghansk mattkonst med denna handknutna geometriska afghanska Art Deco ullmatta, skapad med enast\u00e5ende precision av m\u00e4starv\u00e4vare i norra Afghanistan, d\u00e4r mattanl\u00e4ggning har v\u00e4rderats och f\u00f6rfinats genom \u00e5rhundraden av obruten tradition. Denna handknutna geometriska afghanska Art Deco ullmatta erk\u00e4nns globalt som en av de mest framst\u00e5ende mattstilar som finns.<\/p>\n<h3 class=\"text-text-100 mt-3 -mb-1 text-[1.125rem] font-bold\" dir=\"ltr\">Handknuten afghansk Art Deco ullmatta skicklighet och arv<\/h3>\n<p class=\"font-claude-response-body break-words whitespace-normal\" dir=\"ltr\">Att skapa en handknuten geometrisk afghansk Art Deco ullmatta kr\u00e4ver extraordin\u00e4r h\u00e4ngivenhet; varje stycke f\u00f6ds ur exakt knutm\u00e4steri som f\u00f6rfinas genom generationer av afghanska m\u00e4starhantverkare. Varje knut inneb\u00e4r djup respekt f\u00f6r tradition och en kompromissl\u00f6s str\u00e4van efter kvalitet. Botaniska m\u00f6nster, varma naturliga texturer och balanserade tonarrangemang g\u00f6r denna matta till ett f\u00e4ngslande mittpunkt f\u00f6r moderna, traditionella eller eklektiska utrymmen.<\/p>\n<h3 class=\"text-text-100 mt-3 -mb-1 text-[1.125rem] font-bold\" dir=\"ltr\">Varf\u00f6r denna handknutna afghanska Art Deco ullmatta h\u00f6r hemma i ditt hem<\/h3>\n<p class=\"font-claude-response-body break-words whitespace-normal\" dir=\"ltr\">Mer \u00e4n ett golvbel\u00e4ggning; detta \u00e4r en autentisk del av norra afghansk kulturarv, unik och oers\u00e4ttlig.<\/p>\n<p class=\"font-claude-response-body break-words whitespace-normal\" dir=\"ltr\">\u2705<strong> Nyckelfunktioner:<\/strong><\/p>\n<ul class=\"[li_&amp;]:mb-0 [li_&amp;]:mt-1 [li_&amp;]:gap-1 [&amp;:not(:last-child)_ul]:pb-1 [&amp;:not(:last-child)_ol]:pb-1 list-disc flex flex-col gap-1 pl-8 mb-3\" dir=\"ltr\">\n<li class=\"font-claude-response-body whitespace-normal break-words pl-2\">Handknuten geometrisk afghansk Art Deco ullmatta<\/li>\n<li class=\"font-claude-response-body whitespace-normal break-words pl-2\">Handknuten i norra Afghanistan<\/li>\n<li class=\"font-claude-response-body whitespace-normal break-words pl-2\">Botaniska och geometriska m\u00f6nster<\/li>\n<li class=\"font-claude-response-body whitespace-normal break-words pl-2\">Premium naturlig ull<\/li>\n<li class=\"font-claude-response-body whitespace-normal break-words pl-2\">Storlek: 349 x 245 cm<\/li>\n<li class=\"font-claude-response-body whitespace-normal break-words pl-2\">Perfekt f\u00f6r vardagsrum, sovrum, matsalar och kontor<\/li>\n<\/ul>\n","protected":false},"excerpt":{"rendered":"<p class=\"font-claude-response-body break-words whitespace-normal\" dir=\"ltr\">Bevittna den enast\u00e5ende hantverkskonsten i detta handknutna geometriska afghanska Art Deco ulltavla som visar en magnifik botanisk komposition med vackert fl\u00f6dande blomm\u00f6nster, delikata palmetter och mjukt b\u00f6jda vinranka, harmoniskt v\u00e4vda \u00f6ver en mjukt texturerad naturlig abrash-bakgrund. En skickligt designad klassisk kant full\u00e4ndar arrangemanget med tyst, best\u00e5ende elegans. Individuellt handknuten knot f\u00f6r knot av m\u00e4start hantverkare i norra Afghanistan, detta \u00e4r ett genuint ov\u00e4rderligt, unikt verk i livet.<\/p>\n<p>r<\/p>\n<p class=\"font-claude-response-body break-words whitespace-normal\" dir=\"ltr\">Storlek: 349 x 245 cm | Handknuten | Naturliga material<\/p>\n","protected":false},"featured_media":19945,"comment_status":"closed","ping_status":"closed","template":"","meta":{"_acf_changed":false,"_gspb_post_css":"","jetpack_publicize_message":"{title}\n\n{excerpt}\n\n{url}","jetpack_publicize_feature_enabled":true,"jetpack_social_post_already_shared":true,"jetpack_social_options":{"image_generator_settings":{"template":"highway","default_image_id":0,"font":"","enabled":false},"version":2},"_wpas_customize_per_network":false},"product_brand":[],"product_cat":[1681,3576,1687],"product_tag":[3578,3577,3580,3726,3581,3952,3584,3583,3582,3585,3586,3957,3954,4650,3951,3955,3956,3579,4651,3950,3949,3587,3953],"class_list":["post-19935","product","type-product","status-publish","has-post-thumbnail","product_cat-alla-mattor","product_cat-art-deco-mattor","product_cat-handknutna-mattor","product_tag-afghansk-matta","product_tag-afghanmatta","product_tag-art-deco-matta","product_tag-aktenskapshandgjord-matta","product_tag-geometrisk-matta","product_tag-handgjord-afghan-art-deco-matta","product_tag-handgjord-matta","product_tag-handgjord-mattor","product_tag-handknuten-matta","product_tag-hemdekoration","product_tag-inredningsdesign","product_tag-kontorsmatta","product_tag-lyxmatta","product_tag-lyxmatta-2","product_tag-matta-for-matsalen","product_tag-modern-matta","product_tag-naturlig-ull","product_tag-omrade-matta","product_tag-premium-matta","product_tag-samtida-matta","product_tag-sovrumsmatta","product_tag-ull-matta","product_tag-vardagsrumsmatta","first","instock","sale","shipping-taxable","purchasable","product-type-simple"],"bundled_by":[],"bundle_stock_status":"instock","bundle_stock_quantity":1,"bundle_virtual":false,"bundle_layout":"","bundle_add_to_cart_form_location":"","bundle_editable_in_cart":false,"bundle_sold_individually_context":"","bundle_item_grouping":"","bundle_min_size":"","bundle_max_size":"","bundle_price":[],"bundled_items":[],"bundle_sell_ids":[],"ct_brands":[],"acf":{"length":349,"width":245,"weight":0,"approximate_dimensions":true,"location":"350x250 art deco"},"jetpack_publicize_connections":[],"jetpack_sharing_enabled":true,"jetpack_likes_enabled":true,"_links":{"self":[{"href":"https:\/\/kelimshop.com\/sv\/wp-json\/wp\/v2\/product\/19935","targetHints":{"allow":["GET"]}}],"collection":[{"href":"https:\/\/kelimshop.com\/sv\/wp-json\/wp\/v2\/product"}],"about":[{"href":"https:\/\/kelimshop.com\/sv\/wp-json\/wp\/v2\/types\/product"}],"replies":[{"embeddable":true,"href":"https:\/\/kelimshop.com\/sv\/wp-json\/wp\/v2\/comments?post=19935"}],"wp:featuredmedia":[{"embeddable":true,"href":"https:\/\/kelimshop.com\/sv\/wp-json\/wp\/v2\/media\/19945"}],"wp:attachment":[{"href":"https:\/\/kelimshop.com\/sv\/wp-json\/wp\/v2\/media?parent=19935"}],"wp:term":[{"taxonomy":"product_brand","embeddable":true,"href":"https:\/\/kelimshop.com\/sv\/wp-json\/wp\/v2\/product_brand?post=19935"},{"taxonomy":"product_cat","embeddable":true,"href":"https:\/\/kelimshop.com\/sv\/wp-json\/wp\/v2\/product_cat?post=19935"},{"taxonomy":"product_tag","embeddable":true,"href":"https:\/\/kelimshop.com\/sv\/wp-json\/wp\/v2\/product_tag?post=19935"}],"curies":[{"name":"wp","href":"https:\/\/api.w.org\/{rel}","templated":true}]}}

<p class="font-claude-response-body break-words whitespace-normal" dir="ltr">Fördjupa dig i den rika traditionen av afghansk mattkonst med denna handknutna geometriska afghanska Art Deco ullmatta, skapad med enastående precision av mästarvävare i norra Afghanistan, där mattanläggning har värderats och förfinats genom århundraden av obruten tradition. Denna handknutna geometriska afghanska Art Deco ullmatta erkänns globalt som en av de mest framstående mattstilar som finns.</p>
<h3 class="text-text-100 mt-3 -mb-1 text-[1.125rem] font-bold" dir="ltr">Handknuten afghansk Art Deco ullmatta skicklighet och arv</h3>
<p class="font-claude-response-body break-words whitespace-normal" dir="ltr">Att skapa en handknuten geometrisk afghansk Art Deco ullmatta kräver extraordinär hängivenhet; varje stycke föds ur exakt knutmästeri som förfinas genom generationer av afghanska mästarhantverkare. Varje knut innebär djup respekt för tradition och en kompromisslös strävan efter kvalitet. Botaniska mönster, varma naturliga texturer och balanserade tonarrangemang gör denna matta till ett fängslande mittpunkt för moderna, traditionella eller eklektiska utrymmen.</p>
<h3 class="text-text-100 mt-3 -mb-1 text-[1.125rem] font-bold" dir="ltr">Varför denna handknutna afghanska Art Deco ullmatta hör hemma i ditt hem</h3>
<p class="font-claude-response-body break-words whitespace-normal" dir="ltr">Mer än ett golvbeläggning; detta är en autentisk del av norra afghansk kulturarv, unik och oersättlig.</p>
<p class="font-claude-response-body break-words whitespace-normal" dir="ltr">✅<strong> Nyckelfunktioner:</strong></p>
<ul class="[li_&amp;]:mb-0 [li_&amp;]:mt-1 [li_&amp;]:gap-1 [&amp;:not(:last-child)_ul]:pb-1 [&amp;:not(:last-child)_ol]:pb-1 list-disc flex flex-col gap-1 pl-8 mb-3" dir="ltr">
<li class="font-claude-response-body whitespace-normal break-words pl-2">Handknuten geometrisk afghansk Art Deco ullmatta</li>
<li class="font-claude-response-body whitespace-normal break-words pl-2">Handknuten i norra Afghanistan</li>
<li class="font-claude-response-body whitespace-normal break-words pl-2">Botaniska och geometriska mönster</li>
<li class="font-claude-response-body whitespace-normal break-words pl-2">Premium naturlig ull</li>
<li class="font-claude-response-body whitespace-normal break-words pl-2">Storlek: 349 x 245 cm</li>
<li class="font-claude-response-body whitespace-normal break-words pl-2">Perfekt för vardagsrum, sovrum, matsalar och kontor</li>
</ul>

<p class="font-claude-response-body break-words whitespace-normal" dir="ltr">Bevittna den enastående hantverkskonsten i detta handknutna geometriska afghanska Art Deco ulltavla som visar en magnifik botanisk komposition med vackert flödande blommönster, delikata palmetter och mjukt böjda vinranka, harmoniskt vävda över en mjukt texturerad naturlig abrash-bakgrund. En skickligt designad klassisk kant fulländar arrangemanget med tyst, bestående elegans. Individuellt handknuten knot för knot av mästart hantverkare i norra Afghanistan, detta är ett genuint ovärderligt, unikt verk i livet.</p>
<p>r</p>
<p class="font-claude-response-body break-words whitespace-normal" dir="ltr">Storlek: 349 x 245 cm | Handknuten | Naturliga material</p>
