{"id":20012,"date":"2026-07-25T18:28:02","date_gmt":"2026-07-25T16:28:02","guid":{"rendered":"https:\/\/kelimshop.com\/product\/art-deco\/"},"modified":"2026-08-07T12:35:19","modified_gmt":"2026-08-07T10:35:19","slug":"premium-afghansk-handgjord-art-deco-ullmatta-3","status":"publish","type":"product","link":"https:\/\/kelimshop.com\/sv\/produkt\/premium-afghansk-handgjord-art-deco-ullmatta-3\/","title":{"rendered":"Premium afghansk handgjord Art Deco-ullmatta"},"content":{"rendered":"<p class=\"font-claude-response-body break-words whitespace-normal\" dir=\"ltr\">F\u00f6rdjupa dig i den rika traditionen av afghansk mattkonst med detta Premium afghanska handgjorda Art Deco ullmatta som \u00e4r skapad med enast\u00e5ende precision av m\u00e4starv\u00e4vare i norra Afghanistan, d\u00e4r korrekt tillverkning av mattor har v\u00e4rderats och f\u00f6rfinats genom \u00e5rhundraden av obruten tradition. Denna Premium afghanska handgjorda Art Deco ullmatta erk\u00e4nns globalt som en av de mest framst\u00e5ende mattstilar som finns.<\/p>\n<h3 class=\"text-text-100 mt-3 -mb-1 text-[1.125rem] font-bold\" dir=\"ltr\">Handknuten afghansk Art Deco ullmatta F\u00e4rdighet och arv<\/h3>\n<p class=\"font-claude-response-body break-words whitespace-normal\" dir=\"ltr\">Att skapa en Premium afghansk handgjord Art Deco ullmatta kr\u00e4ver extraordin\u00e4r h\u00e4ngivenhet&nbsp; varje stycke f\u00f6ds ur precis knutkunnande som f\u00f6rfinats genom generationer av afghanska m\u00e4starhantverkare. Varje knut b\u00e4r p\u00e5 djup respekt f\u00f6r traditionen och en kompromissl\u00f6s str\u00e4van efter kvalitet. Botaniska m\u00f6nster, varma naturliga texturer och balanserade tonarrangemang g\u00f6r denna matta till ett f\u00e4ngslande mittpunkt i moderna, traditionella eller eklektiska utrymmen.<\/p>\n<h3 class=\"text-text-100 mt-3 -mb-1 text-[1.125rem] font-bold\" dir=\"ltr\">Varf\u00f6r denna handknutna afghanska Art Deco ullmatta h\u00f6r hemma i ditt hem<\/h3>\n<p class=\"font-claude-response-body break-words whitespace-normal\" dir=\"ltr\">Mer \u00e4n en golvbel\u00e4ggning&nbsp; detta \u00e4r ett autentiskt stycke av norra afghansk kulturarv, unikt och oers\u00e4ttligt.<\/p>\n<p class=\"font-claude-response-body break-words whitespace-normal\" dir=\"ltr\">\u2713<strong> Huvudfunktioner:<\/strong><\/p>\n<ul class=\"[li_&amp;]:mb-0 [li_&amp;]:mt-1 [li_&amp;]:gap-1 [&amp;:not(:last-child)_ul]:pb-1 [&amp;:not(:last-child)_ol]:pb-1 list-disc flex flex-col gap-1 pl-8 mb-3\" dir=\"ltr\">\n<li class=\"font-claude-response-body whitespace-normal break-words pl-2\">Premium afghansk handgjord Art Deco ullmatta<\/li>\n<li class=\"font-claude-response-body whitespace-normal break-words pl-2\">Handknuten i norra Afghanistan<\/li>\n<li class=\"font-claude-response-body whitespace-normal break-words pl-2\">Botaniska och geometriska m\u00f6nster<\/li>\n<li class=\"font-claude-response-body whitespace-normal break-words pl-2\">Premium naturlig ull<\/li>\n<li class=\"font-claude-response-body whitespace-normal break-words pl-2\">Storlek: 347 x 261 cm<\/li>\n<li class=\"font-claude-response-body whitespace-normal break-words pl-2\">Perfekt f\u00f6r vardagsrum, sovrum, matsalar och kontor<\/li>\n<\/ul>\n","protected":false},"excerpt":{"rendered":"<p class=\"font-claude-response-body break-words whitespace-normal\" dir=\"ltr\">Betrakta det enast\u00e5ende hantverket av denna handknutna geometriska afghanska Art Deco ullmatta med en fantastisk genomg\u00e5ende botanisk komposition av vackert fl\u00f6dande blommotiv, delikata palmetter och f\u00f6rsiktigt b\u00f6jande vinstockar, harmoniskt v\u00e4vda \u00f6ver en mjukt texturerad naturlig abrash-bakgrund. En skickligt designad klassisk kant avslutar arrangemanget med tyst, best\u00e5ende elegans. Varje knut har knutits f\u00f6r hand av m\u00e4sterhantverkare i norra Afghanistan, detta \u00e4r verkligen en ov\u00e4rderlig, unik piece.<\/p>\n<p class=\"font-claude-response-body break-words whitespace-normal\" dir=\"ltr\">Storlek: 347 x 261 cm | Handknuten | Naturliga material<\/p>\n","protected":false},"featured_media":20013,"comment_status":"closed","ping_status":"closed","template":"","meta":{"_acf_changed":false,"_gspb_post_css":"","jetpack_publicize_message":"{title}\n\n{excerpt}\n\n{url}","jetpack_publicize_feature_enabled":true,"jetpack_social_post_already_shared":true,"jetpack_social_options":{"image_generator_settings":{"template":"highway","default_image_id":0,"font":"","enabled":false},"version":2},"_wpas_customize_per_network":false},"product_brand":[],"product_cat":[1681,3576,1687],"product_tag":[3578,3577,3580,3726,3581,3952,3584,3583,3582,3585,3586,3957,4650,3954,3951,3955,3956,3579,4651,3950,3949,3587,3953],"class_list":["post-20012","product","type-product","status-publish","has-post-thumbnail","product_cat-alla-mattor","product_cat-art-deco-mattor","product_cat-handknutna-mattor","product_tag-afghansk-matta","product_tag-afghanmatta","product_tag-art-deco-matta","product_tag-aktenskapshandgjord-matta","product_tag-geometrisk-matta","product_tag-handgjord-afghan-art-deco-matta","product_tag-handgjord-matta","product_tag-handgjord-mattor","product_tag-handknuten-matta","product_tag-hemdekoration","product_tag-inredningsdesign","product_tag-kontorsmatta","product_tag-lyxmatta-2","product_tag-lyxmatta","product_tag-matta-for-matsalen","product_tag-modern-matta","product_tag-naturlig-ull","product_tag-omrade-matta","product_tag-premium-matta","product_tag-samtida-matta","product_tag-sovrumsmatta","product_tag-ull-matta","product_tag-vardagsrumsmatta","first","instock","sale","shipping-taxable","purchasable","product-type-simple"],"bundled_by":[],"bundle_stock_status":"instock","bundle_stock_quantity":1,"bundle_virtual":false,"bundle_layout":"","bundle_add_to_cart_form_location":"","bundle_editable_in_cart":false,"bundle_sold_individually_context":"","bundle_item_grouping":"","bundle_min_size":"","bundle_max_size":"","bundle_price":[],"bundled_items":[],"bundle_sell_ids":[],"ct_brands":[],"acf":{"length":347,"width":261,"weight":0,"approximate_dimensions":true,"location":"350x250 art deco"},"jetpack_publicize_connections":[],"jetpack_sharing_enabled":true,"jetpack_likes_enabled":true,"_links":{"self":[{"href":"https:\/\/kelimshop.com\/sv\/wp-json\/wp\/v2\/product\/20012","targetHints":{"allow":["GET"]}}],"collection":[{"href":"https:\/\/kelimshop.com\/sv\/wp-json\/wp\/v2\/product"}],"about":[{"href":"https:\/\/kelimshop.com\/sv\/wp-json\/wp\/v2\/types\/product"}],"replies":[{"embeddable":true,"href":"https:\/\/kelimshop.com\/sv\/wp-json\/wp\/v2\/comments?post=20012"}],"wp:featuredmedia":[{"embeddable":true,"href":"https:\/\/kelimshop.com\/sv\/wp-json\/wp\/v2\/media\/20013"}],"wp:attachment":[{"href":"https:\/\/kelimshop.com\/sv\/wp-json\/wp\/v2\/media?parent=20012"}],"wp:term":[{"taxonomy":"product_brand","embeddable":true,"href":"https:\/\/kelimshop.com\/sv\/wp-json\/wp\/v2\/product_brand?post=20012"},{"taxonomy":"product_cat","embeddable":true,"href":"https:\/\/kelimshop.com\/sv\/wp-json\/wp\/v2\/product_cat?post=20012"},{"taxonomy":"product_tag","embeddable":true,"href":"https:\/\/kelimshop.com\/sv\/wp-json\/wp\/v2\/product_tag?post=20012"}],"curies":[{"name":"wp","href":"https:\/\/api.w.org\/{rel}","templated":true}]}}

<p class="font-claude-response-body break-words whitespace-normal" dir="ltr">Fördjupa dig i den rika traditionen av afghansk mattkonst med detta Premium afghanska handgjorda Art Deco ullmatta som är skapad med enastående precision av mästarvävare i norra Afghanistan, där korrekt tillverkning av mattor har värderats och förfinats genom århundraden av obruten tradition. Denna Premium afghanska handgjorda Art Deco ullmatta erkänns globalt som en av de mest framstående mattstilar som finns.</p>
<h3 class="text-text-100 mt-3 -mb-1 text-[1.125rem] font-bold" dir="ltr">Handknuten afghansk Art Deco ullmatta Färdighet och arv</h3>
<p class="font-claude-response-body break-words whitespace-normal" dir="ltr">Att skapa en Premium afghansk handgjord Art Deco ullmatta kräver extraordinär hängivenhet&nbsp; varje stycke föds ur precis knutkunnande som förfinats genom generationer av afghanska mästarhantverkare. Varje knut bär på djup respekt för traditionen och en kompromisslös strävan efter kvalitet. Botaniska mönster, varma naturliga texturer och balanserade tonarrangemang gör denna matta till ett fängslande mittpunkt i moderna, traditionella eller eklektiska utrymmen.</p>
<h3 class="text-text-100 mt-3 -mb-1 text-[1.125rem] font-bold" dir="ltr">Varför denna handknutna afghanska Art Deco ullmatta hör hemma i ditt hem</h3>
<p class="font-claude-response-body break-words whitespace-normal" dir="ltr">Mer än en golvbeläggning&nbsp; detta är ett autentiskt stycke av norra afghansk kulturarv, unikt och oersättligt.</p>
<p class="font-claude-response-body break-words whitespace-normal" dir="ltr">✓<strong> Huvudfunktioner:</strong></p>
<ul class="[li_&amp;]:mb-0 [li_&amp;]:mt-1 [li_&amp;]:gap-1 [&amp;:not(:last-child)_ul]:pb-1 [&amp;:not(:last-child)_ol]:pb-1 list-disc flex flex-col gap-1 pl-8 mb-3" dir="ltr">
<li class="font-claude-response-body whitespace-normal break-words pl-2">Premium afghansk handgjord Art Deco ullmatta</li>
<li class="font-claude-response-body whitespace-normal break-words pl-2">Handknuten i norra Afghanistan</li>
<li class="font-claude-response-body whitespace-normal break-words pl-2">Botaniska och geometriska mönster</li>
<li class="font-claude-response-body whitespace-normal break-words pl-2">Premium naturlig ull</li>
<li class="font-claude-response-body whitespace-normal break-words pl-2">Storlek: 347 x 261 cm</li>
<li class="font-claude-response-body whitespace-normal break-words pl-2">Perfekt för vardagsrum, sovrum, matsalar och kontor</li>
</ul>

<p class="font-claude-response-body break-words whitespace-normal" dir="ltr">Betrakta det enastående hantverket av denna handknutna geometriska afghanska Art Deco ullmatta med en fantastisk genomgående botanisk komposition av vackert flödande blommotiv, delikata palmetter och försiktigt böjande vinstockar, harmoniskt vävda över en mjukt texturerad naturlig abrash-bakgrund. En skickligt designad klassisk kant avslutar arrangemanget med tyst, bestående elegans. Varje knut har knutits för hand av mästerhantverkare i norra Afghanistan, detta är verkligen en ovärderlig, unik piece.</p>
<p class="font-claude-response-body break-words whitespace-normal" dir="ltr">Storlek: 347 x 261 cm | Handknuten | Naturliga material</p>
