{"id":22907,"date":"2026-07-22T22:24:28","date_gmt":"2026-07-22T20:24:28","guid":{"rendered":"https:\/\/kelimshop.com\/product\/art-deco\/"},"modified":"2026-08-07T12:57:08","modified_gmt":"2026-08-07T10:57:08","slug":"afghansk-geometrisk-handgjord-art-deco-omraadesmatta","status":"publish","type":"product","link":"https:\/\/kelimshop.com\/sv\/produkt\/afghansk-geometrisk-handgjord-art-deco-omraadesmatta\/","title":{"rendered":"Afghansk geometrisk handgjord Art Deco-omr\u00e5desmatta"},"content":{"rendered":"<p class=\"font-claude-response-body break-words whitespace-normal\" dir=\"ltr\">Dyk ner i den rika traditionen av afghansk mattkonst med denna afghanska geometriska handgjorda art deco-matta, skapad med enast\u00e5ende precision av m\u00e4ster v\u00e4vare i norra Afghanistan, d\u00e4r mattkonst har uppskattats och f\u00f6rfinats genom \u00e5rhundraden av obruten tradition. Denna afghanska geometriska handgjorda art deco-matta erk\u00e4nns globalt som en av de mest utm\u00e4rkta mattstilarna som finns.<\/p>\n<h3 class=\"text-text-100 mt-3 -mb-1 text-[1.125rem] font-bold\" dir=\"ltr\">Handknuten afghansk art deco ullmatta F\u00e4rdighet och arv<\/h3>\n<p class=\"font-claude-response-body break-words whitespace-normal\" dir=\"ltr\">Att skapa en afghansk geometrisk handgjord art deco-matta kr\u00e4ver extraordin\u00e4r h\u00e4ngivenhet; varje del f\u00f6ds fr\u00e5n exakt knutkunskap som f\u00f6rfinats genom generationer av afghanska m\u00e4sterhantverkare. Varje knut innefattar djup respekt f\u00f6r traditionen och en orubblig str\u00e4van efter kvalitet. Botaniska m\u00f6nster, varma naturliga texturer och balanserade tonarrangemang g\u00f6r denna matta till ett f\u00e4ngslande mittpunkt f\u00f6r moderna, traditionella eller eklektiska utrymmen.<\/p>\n<h3 class=\"text-text-100 mt-3 -mb-1 text-[1.125rem] font-bold\" dir=\"ltr\">Varf\u00f6r denna handknutna afghanska art deco-ullmatta h\u00f6r hemma i ditt hem<\/h3>\n<p class=\"font-claude-response-body break-words whitespace-normal\" dir=\"ltr\">Mer \u00e4n en golvbel\u00e4ggning; detta \u00e4r en autentisk del av norra afghansk kulturarv, unik och oers\u00e4ttlig.<\/p>\n<p class=\"font-claude-response-body break-words whitespace-normal\" dir=\"ltr\">\u2714\ufe0f<strong> Nyckelfunktioner:<\/strong><\/p>\n<ul class=\"[li_&amp;]:mb-0 [li_&amp;]:mt-1 [li_&amp;]:gap-1 [&amp;:not(:last-child)_ul]:pb-1 [&amp;:not(:last-child)_ol]:pb-1 list-disc flex flex-col gap-1 pl-8 mb-3\" dir=\"ltr\">\n<li class=\"font-claude-response-body whitespace-normal break-words pl-2\">Handknuten Berjasta art deco geometrisk matta<\/li>\n<li class=\"font-claude-response-body whitespace-normal break-words pl-2\">Handknuten i norra Afghanistan<\/li>\n<li class=\"font-claude-response-body whitespace-normal break-words pl-2\">Botaniska och geometriska m\u00f6nster<\/li>\n<li class=\"font-claude-response-body whitespace-normal break-words pl-2\">Premium naturlig ull<\/li>\n<li class=\"font-claude-response-body whitespace-normal break-words pl-2\">Storlek: 344 x 258&nbsp; cm<\/li>\n<li class=\"font-claude-response-body whitespace-normal break-words pl-2\">Perfekt f\u00f6r vardagsrum, sovrum, matsalar och kontor<\/li>\n<\/ul>\n","protected":false},"excerpt":{"rendered":"<p class=\"font-claude-response-body break-words whitespace-normal\" dir=\"ltr\">Betrakta den enast\u00e5ende hantverkskonsten av denna afghanska geometriska handgjorda art deco matta som visar en magnifik botanisk komposition av vackert fl\u00f6dande blomstermotiv, delikata palmetter och mjukt b\u00f6jande vinrullar, harmoniskt v\u00e4vda \u00f6ver en mjukt texturerad naturlig abrash-bakgrund. En skickligt utformad klassisk kant fullbordar arrangemanget med tyst, best\u00e5ende elegans. Individuellt handknuten knut f\u00f6r knut av m\u00e4starhantverkare i norra Afghanistan \u00e4r detta verkligen en ov\u00e4rderlig, eng\u00e5ngsm\u00f6jlighet.<\/p>\n<p class=\"font-claude-response-body break-words whitespace-normal\" dir=\"ltr\">Storlek: 344 x 258 cm | Handknuten | Naturliga material | En av ett slag<\/p>\n","protected":false},"featured_media":17742,"comment_status":"closed","ping_status":"closed","template":"","meta":{"_acf_changed":false,"_gspb_post_css":"","jetpack_publicize_message":"{title}\n\n{excerpt}\n\n{url}","jetpack_publicize_feature_enabled":true,"jetpack_social_post_already_shared":true,"jetpack_social_options":{"image_generator_settings":{"template":"highway","default_image_id":0,"font":"","enabled":false},"version":2},"_wpas_customize_per_network":false},"product_brand":[],"product_cat":[1681,3576,1687],"product_tag":[3578,3577,3580,3726,3581,3952,3584,3583,3582,3585,3586,3957,4650,3954,3951,3955,3956,3579,4651,3950,3949,3587,3953],"class_list":["post-22907","product","type-product","status-publish","has-post-thumbnail","product_cat-alla-mattor","product_cat-art-deco-mattor","product_cat-handknutna-mattor","product_tag-afghansk-matta","product_tag-afghanmatta","product_tag-art-deco-matta","product_tag-aktenskapshandgjord-matta","product_tag-geometrisk-matta","product_tag-handgjord-afghan-art-deco-matta","product_tag-handgjord-matta","product_tag-handgjord-mattor","product_tag-handknuten-matta","product_tag-hemdekoration","product_tag-inredningsdesign","product_tag-kontorsmatta","product_tag-lyxmatta-2","product_tag-lyxmatta","product_tag-matta-for-matsalen","product_tag-modern-matta","product_tag-naturlig-ull","product_tag-omrade-matta","product_tag-premium-matta","product_tag-samtida-matta","product_tag-sovrumsmatta","product_tag-ull-matta","product_tag-vardagsrumsmatta","first","instock","shipping-taxable","purchasable","product-type-simple"],"bundled_by":[],"bundle_stock_status":"instock","bundle_stock_quantity":1,"bundle_virtual":false,"bundle_layout":"","bundle_add_to_cart_form_location":"","bundle_editable_in_cart":false,"bundle_sold_individually_context":"","bundle_item_grouping":"","bundle_min_size":"","bundle_max_size":"","bundle_price":[],"bundled_items":[],"bundle_sell_ids":[],"ct_brands":[],"acf":{"length":344,"width":258,"weight":0,"approximate_dimensions":true,"location":"350x250 art deco"},"jetpack_publicize_connections":[],"jetpack_sharing_enabled":true,"jetpack_likes_enabled":true,"_links":{"self":[{"href":"https:\/\/kelimshop.com\/sv\/wp-json\/wp\/v2\/product\/22907","targetHints":{"allow":["GET"]}}],"collection":[{"href":"https:\/\/kelimshop.com\/sv\/wp-json\/wp\/v2\/product"}],"about":[{"href":"https:\/\/kelimshop.com\/sv\/wp-json\/wp\/v2\/types\/product"}],"replies":[{"embeddable":true,"href":"https:\/\/kelimshop.com\/sv\/wp-json\/wp\/v2\/comments?post=22907"}],"wp:featuredmedia":[{"embeddable":true,"href":"https:\/\/kelimshop.com\/sv\/wp-json\/wp\/v2\/media\/17742"}],"wp:attachment":[{"href":"https:\/\/kelimshop.com\/sv\/wp-json\/wp\/v2\/media?parent=22907"}],"wp:term":[{"taxonomy":"product_brand","embeddable":true,"href":"https:\/\/kelimshop.com\/sv\/wp-json\/wp\/v2\/product_brand?post=22907"},{"taxonomy":"product_cat","embeddable":true,"href":"https:\/\/kelimshop.com\/sv\/wp-json\/wp\/v2\/product_cat?post=22907"},{"taxonomy":"product_tag","embeddable":true,"href":"https:\/\/kelimshop.com\/sv\/wp-json\/wp\/v2\/product_tag?post=22907"}],"curies":[{"name":"wp","href":"https:\/\/api.w.org\/{rel}","templated":true}]}}

Afghansk geometrisk handgjord Art Deco-områdesmatta

<p class="font-claude-response-body break-words whitespace-normal" dir="ltr">Dyk ner i den rika traditionen av afghansk mattkonst med denna afghanska geometriska handgjorda art deco-matta, skapad med enastående precision av mäster vävare i norra Afghanistan, där mattkonst har uppskattats och förfinats genom århundraden av obruten tradition. Denna afghanska geometriska handgjorda art deco-matta erkänns globalt som en av de mest utmärkta mattstilarna som finns.</p>
<h3 class="text-text-100 mt-3 -mb-1 text-[1.125rem] font-bold" dir="ltr">Handknuten afghansk art deco ullmatta Färdighet och arv</h3>
<p class="font-claude-response-body break-words whitespace-normal" dir="ltr">Att skapa en afghansk geometrisk handgjord art deco-matta kräver extraordinär hängivenhet; varje del föds från exakt knutkunskap som förfinats genom generationer av afghanska mästerhantverkare. Varje knut innefattar djup respekt för traditionen och en orubblig strävan efter kvalitet. Botaniska mönster, varma naturliga texturer och balanserade tonarrangemang gör denna matta till ett fängslande mittpunkt för moderna, traditionella eller eklektiska utrymmen.</p>
<h3 class="text-text-100 mt-3 -mb-1 text-[1.125rem] font-bold" dir="ltr">Varför denna handknutna afghanska art deco-ullmatta hör hemma i ditt hem</h3>
<p class="font-claude-response-body break-words whitespace-normal" dir="ltr">Mer än en golvbeläggning; detta är en autentisk del av norra afghansk kulturarv, unik och oersättlig.</p>
<p class="font-claude-response-body break-words whitespace-normal" dir="ltr">✔️<strong> Nyckelfunktioner:</strong></p>
<ul class="[li_&amp;]:mb-0 [li_&amp;]:mt-1 [li_&amp;]:gap-1 [&amp;:not(:last-child)_ul]:pb-1 [&amp;:not(:last-child)_ol]:pb-1 list-disc flex flex-col gap-1 pl-8 mb-3" dir="ltr">
<li class="font-claude-response-body whitespace-normal break-words pl-2">Handknuten Berjasta art deco geometrisk matta</li>
<li class="font-claude-response-body whitespace-normal break-words pl-2">Handknuten i norra Afghanistan</li>
<li class="font-claude-response-body whitespace-normal break-words pl-2">Botaniska och geometriska mönster</li>
<li class="font-claude-response-body whitespace-normal break-words pl-2">Premium naturlig ull</li>
<li class="font-claude-response-body whitespace-normal break-words pl-2">Storlek: 344 x 258&nbsp; cm</li>
<li class="font-claude-response-body whitespace-normal break-words pl-2">Perfekt för vardagsrum, sovrum, matsalar och kontor</li>
</ul>

<p class="font-claude-response-body break-words whitespace-normal" dir="ltr">Betrakta den enastående hantverkskonsten av denna afghanska geometriska handgjorda art deco matta som visar en magnifik botanisk komposition av vackert flödande blomstermotiv, delikata palmetter och mjukt böjande vinrullar, harmoniskt vävda över en mjukt texturerad naturlig abrash-bakgrund. En skickligt utformad klassisk kant fullbordar arrangemanget med tyst, bestående elegans. Individuellt handknuten knut för knut av mästarhantverkare i norra Afghanistan är detta verkligen en ovärderlig, engångsmöjlighet.</p>
<p class="font-claude-response-body break-words whitespace-normal" dir="ltr">Storlek: 344 x 258 cm | Handknuten | Naturliga material | En av ett slag</p>
