{"id":25385,"date":"2026-08-04T23:06:05","date_gmt":"2026-08-04T21:06:05","guid":{"rendered":"https:\/\/kelimshop.com\/?post_type=product&#038;p=22837"},"modified":"2026-08-10T00:46:06","modified_gmt":"2026-08-09T22:46:06","slug":"akta-afghansk-ull-rosa-denim-kilim-kuddfodral","status":"publish","type":"product","link":"https:\/\/kelimshop.com\/sv\/produkt\/akta-afghansk-ull-rosa-denim-kilim-kuddfodral\/","title":{"rendered":"\u00c4kta afghansk ull rosa denim kilim kuddfodral"},"content":{"rendered":"<p class=\"font-claude-response-body break-words whitespace-normal\" dir=\"ltr\"><strong>Fantastiskt \u00e4kta afghanskt ull rosa denim kelim kudd\u00f6verdrag set om 2<\/strong><\/p>\n<p class=\"font-claude-response-body break-words whitespace-normal\" dir=\"ltr\">Detta \u00e4kta afghanska ull rosa denim kelim kudd\u00f6verdrag set om 2 \u00e4r genuint handv\u00e4vt och ger en vackert varm, mjuk energi till vilket inre som helst. I solnedg\u00e5ngstoner och ren i randkomposition, rik p\u00e5 handv\u00e4vd textur, \u00e4r detta par ett m\u00e5ngsidigt tillskott till v\u00e5r kelim kuddkollektion.<\/p>\n<p class=\"font-claude-response-body break-words whitespace-normal\" dir=\"ltr\"><strong>\u00c4kta afghanskt ull rosa denim kelim kudd\u00f6verdrag set om 2 design och karakt\u00e4r<\/strong><\/p>\n<p class=\"font-claude-response-body break-words whitespace-normal\" dir=\"ltr\">Varje \u00f6verdrag har horisontella band av dammig rosa, denimbl\u00e5 och djupr\u00f6d, som l\u00f6per i en n\u00e4ra matchad sekvens \u00f6ver b\u00e5da bitarna. Denna delade komposition g\u00f6r det till ett perfekt koordinerat par, idealiskt f\u00f6r lager p\u00e5 en soffa eller s\u00e4ng f\u00f6r en ren, sammanh\u00e5llen look.<\/p>\n<p class=\"font-claude-response-body break-words whitespace-normal\" dir=\"ltr\"><strong>Varf\u00f6r v\u00e4lja detta \u00e4kta afghanska ull rosa denim kelim kudd\u00f6verdrag set om 2<\/strong><\/p>\n<p class=\"font-claude-response-body break-words whitespace-normal\" dir=\"ltr\">Varje \u00f6verdrag \u00e4r handv\u00e4vt av genuin kelim, helt unik och en av sitt slag.<\/p>\n<p class=\"font-claude-response-body break-words whitespace-normal\" dir=\"ltr\">\u2713 <strong>Nyckelfunktioner:<\/strong><\/p>\n<ul class=\"[li_&amp;]:mb-0 [li_&amp;]:mt-1 [li_&amp;]:gap-1 [&amp;:not(:last-child)_ul]:pb-1 [&amp;:not(:last-child)_ol]:pb-1 list-disc flex flex-col gap-1 pl-8 mb-3 print:block print:space-y-1\" dir=\"ltr\">\n<li class=\"font-claude-response-body whitespace-normal break-words pl-2\">Handv\u00e4vt dammigt rosa denim kelim kudd\u00f6verdrag set om 2<\/li>\n<li class=\"font-claude-response-body whitespace-normal break-words pl-2\">Genuin kelim-konstruktion<\/li>\n<li class=\"font-claude-response-body whitespace-normal break-words pl-2\">Horisontell randdesign<\/li>\n<li class=\"font-claude-response-body whitespace-normal break-words pl-2\">F\u00e4rger: Dammigt Rosa, Denimbl\u00e5 &amp; djupr\u00f6d<\/li>\n<li class=\"font-claude-response-body whitespace-normal break-words pl-2\">Kontrastpipade kanter<\/li>\n<li class=\"font-claude-response-body whitespace-normal break-words pl-2\">Dragkedjest\u00e4ngning p\u00e5 varje \u00f6verdrag<\/li>\n<li class=\"font-claude-response-body whitespace-normal break-words pl-2\">Storlek: 45 x 45 cm varje (18&#8243; x 18&#8243;)<\/li>\n<li class=\"font-claude-response-body whitespace-normal break-words pl-2\">Inl\u00e4gg ing\u00e5r inte<\/li>\n<\/ul>\n","protected":false},"excerpt":{"rendered":"<p class=\"font-claude-response-body break-words whitespace-normal\" dir=\"ltr\">Denna autentiska afghanska ull rosa denim Kelim-kudd\u00f6verdrag-set om 2 \u00e4r varmt, mjukt och vackert texturerat. Varje \u00f6verdrag har n\u00e4ra matchande horisontella band i dammigt rosa, denimbl\u00e5 och djupt m\u00f6rkr\u00f6d, ett perfekt koordinerat par fullt av genuin handv\u00e4vd karakt\u00e4r.<\/p>\n<p>r<\/p>\n<p class=\"font-claude-response-body break-words whitespace-normal\" dir=\"ltr\">Storlek: 45 x 45 cm vardera | Kontrastpipade kanter | Dragkedjest\u00e4ngning | Fyllningar ing\u00e5r inte.<\/p>\n","protected":false},"featured_media":22848,"comment_status":"closed","ping_status":"closed","template":"","meta":{"_acf_changed":false,"_gspb_post_css":"","jetpack_publicize_message":"{title}\n\n{excerpt}\n\n{url}","jetpack_publicize_feature_enabled":true,"jetpack_social_post_already_shared":true,"jetpack_social_options":{"image_generator_settings":{"template":"highway","default_image_id":0,"font":"","enabled":false},"version":2},"_wpas_customize_per_network":false},"product_brand":[],"product_cat":[1770,1784],"product_tag":[4336,3070,4337,4340,4341,4342,5134,4344,5127,4364,4348,4349,4350,4351,4352,5135,4395,4361,4367,4363,4369,4371,4370],"class_list":["post-25385","product","type-product","status-publish","has-post-thumbnail","product_cat-kelimkuddar","product_cat-moderna-kelimkuddar","product_tag-18x18-kuddfodral","product_tag-45x45-kuddfodral","product_tag-accentkuddfodral","product_tag-bohemisk-heminredning","product_tag-boho-chic-inredning","product_tag-boho-kuddfodral","product_tag-dammig-rosa-kuddfodral","product_tag-dekorativt-kuddfodral","product_tag-denimbla-kudde","product_tag-fyrkantigt-kuddfodral","product_tag-global-inredningskudde","product_tag-handgjort-kuddfodral","product_tag-handvavd-kudde","product_tag-kilim-kuddfodral","product_tag-kilim-kudde-2","product_tag-vinrod-accentkudde","product_tag-randigt-kuddfodral","product_tag-rustik-heminredning","product_tag-set-med-kuddfodral","product_tag-soffkuddfodral","product_tag-turkisk-kilim-kuddoverdrag","product_tag-ull-kuddoverdrag","product_tag-vintage-stil-kudde","first","instock","sold-individually","shipping-taxable","purchasable","product-type-simple"],"bundled_by":[],"bundle_stock_status":"instock","bundle_stock_quantity":1,"bundle_virtual":false,"bundle_layout":"","bundle_add_to_cart_form_location":"","bundle_editable_in_cart":false,"bundle_sold_individually_context":"","bundle_item_grouping":"","bundle_min_size":"","bundle_max_size":"","bundle_price":[],"bundled_items":[],"bundle_sell_ids":[],"ct_brands":[],"acf":{"length":45,"width":45,"weight":0,"approximate_dimensions":true,"location":""},"jetpack_publicize_connections":[],"jetpack_sharing_enabled":true,"jetpack_likes_enabled":true,"_links":{"self":[{"href":"https:\/\/kelimshop.com\/sv\/wp-json\/wp\/v2\/product\/25385","targetHints":{"allow":["GET"]}}],"collection":[{"href":"https:\/\/kelimshop.com\/sv\/wp-json\/wp\/v2\/product"}],"about":[{"href":"https:\/\/kelimshop.com\/sv\/wp-json\/wp\/v2\/types\/product"}],"replies":[{"embeddable":true,"href":"https:\/\/kelimshop.com\/sv\/wp-json\/wp\/v2\/comments?post=25385"}],"wp:featuredmedia":[{"embeddable":true,"href":"https:\/\/kelimshop.com\/sv\/wp-json\/wp\/v2\/media\/22848"}],"wp:attachment":[{"href":"https:\/\/kelimshop.com\/sv\/wp-json\/wp\/v2\/media?parent=25385"}],"wp:term":[{"taxonomy":"product_brand","embeddable":true,"href":"https:\/\/kelimshop.com\/sv\/wp-json\/wp\/v2\/product_brand?post=25385"},{"taxonomy":"product_cat","embeddable":true,"href":"https:\/\/kelimshop.com\/sv\/wp-json\/wp\/v2\/product_cat?post=25385"},{"taxonomy":"product_tag","embeddable":true,"href":"https:\/\/kelimshop.com\/sv\/wp-json\/wp\/v2\/product_tag?post=25385"}],"curies":[{"name":"wp","href":"https:\/\/api.w.org\/{rel}","templated":true}]}}

Äkta afghansk ull rosa denim kilim kuddfodral

<p class="font-claude-response-body break-words whitespace-normal" dir="ltr"><strong>Fantastiskt äkta afghanskt ull rosa denim kelim kuddöverdrag set om 2</strong></p>
<p class="font-claude-response-body break-words whitespace-normal" dir="ltr">Detta äkta afghanska ull rosa denim kelim kuddöverdrag set om 2 är genuint handvävt och ger en vackert varm, mjuk energi till vilket inre som helst. I solnedgångstoner och ren i randkomposition, rik på handvävd textur, är detta par ett mångsidigt tillskott till vår kelim kuddkollektion.</p>
<p class="font-claude-response-body break-words whitespace-normal" dir="ltr"><strong>Äkta afghanskt ull rosa denim kelim kuddöverdrag set om 2 design och karaktär</strong></p>
<p class="font-claude-response-body break-words whitespace-normal" dir="ltr">Varje överdrag har horisontella band av dammig rosa, denimblå och djupröd, som löper i en nära matchad sekvens över båda bitarna. Denna delade komposition gör det till ett perfekt koordinerat par, idealiskt för lager på en soffa eller säng för en ren, sammanhållen look.</p>
<p class="font-claude-response-body break-words whitespace-normal" dir="ltr"><strong>Varför välja detta äkta afghanska ull rosa denim kelim kuddöverdrag set om 2</strong></p>
<p class="font-claude-response-body break-words whitespace-normal" dir="ltr">Varje överdrag är handvävt av genuin kelim, helt unik och en av sitt slag.</p>
<p class="font-claude-response-body break-words whitespace-normal" dir="ltr">✓ <strong>Nyckelfunktioner:</strong></p>
<ul class="[li_&amp;]:mb-0 [li_&amp;]:mt-1 [li_&amp;]:gap-1 [&amp;:not(:last-child)_ul]:pb-1 [&amp;:not(:last-child)_ol]:pb-1 list-disc flex flex-col gap-1 pl-8 mb-3 print:block print:space-y-1" dir="ltr">
<li class="font-claude-response-body whitespace-normal break-words pl-2">Handvävt dammigt rosa denim kelim kuddöverdrag set om 2</li>
<li class="font-claude-response-body whitespace-normal break-words pl-2">Genuin kelim-konstruktion</li>
<li class="font-claude-response-body whitespace-normal break-words pl-2">Horisontell randdesign</li>
<li class="font-claude-response-body whitespace-normal break-words pl-2">Färger: Dammigt Rosa, Denimblå &amp; djupröd</li>
<li class="font-claude-response-body whitespace-normal break-words pl-2">Kontrastpipade kanter</li>
<li class="font-claude-response-body whitespace-normal break-words pl-2">Dragkedjestängning på varje överdrag</li>
<li class="font-claude-response-body whitespace-normal break-words pl-2">Storlek: 45 x 45 cm varje (18&#8243; x 18&#8243;)</li>
<li class="font-claude-response-body whitespace-normal break-words pl-2">Inlägg ingår inte</li>
</ul>

<p class="font-claude-response-body break-words whitespace-normal" dir="ltr">Denna autentiska afghanska ull rosa denim Kelim-kuddöverdrag-set om 2 är varmt, mjukt och vackert texturerat. Varje överdrag har nära matchande horisontella band i dammigt rosa, denimblå och djupt mörkröd, ett perfekt koordinerat par fullt av genuin handvävd karaktär.</p>
<p>r</p>
<p class="font-claude-response-body break-words whitespace-normal" dir="ltr">Storlek: 45 x 45 cm vardera | Kontrastpipade kanter | Dragkedjestängning | Fyllningar ingår inte.</p>
