{"id":26278,"date":"2026-08-03T23:35:31","date_gmt":"2026-08-03T21:35:31","guid":{"rendered":"https:\/\/kelimshop.com\/?post_type=product&#038;p=21677"},"modified":"2026-08-10T00:49:16","modified_gmt":"2026-08-09T22:49:16","slug":"handvavt-denim-bla-randigt-kelim-kuddoverdrag","status":"publish","type":"product","link":"https:\/\/kelimshop.com\/sv\/produkt\/handvavt-denim-bla-randigt-kelim-kuddoverdrag\/","title":{"rendered":"Handv\u00e4vt Denim Bl\u00e5 Randigt Kelim Kudd\u00f6verdrag"},"content":{"rendered":"<p><strong>Fantastisk handv\u00e4vd denimbl\u00e5 randig kelimkudd\u00f6verdrag&nbsp; Set om 2<\/strong><\/p>\n<p class=\"font-claude-response-body break-words whitespace-normal\" dir=\"ltr\">Detta handv\u00e4vda denimbl\u00e5 randiga kelimkudd\u00f6verdrag i set om 2 \u00e4r genuint handv\u00e4vt och ger en vackert varm, mjuk energi till vilket inre som helst. Solnedg\u00e5ngstonad i palett, ren i randkomposition och rik p\u00e5 handv\u00e4vd textur, denna duo \u00e4r ett m\u00e5ngsidigt tillskott till v\u00e5r kollektion av kelimkuddar.<\/p>\n<p class=\"font-claude-response-body break-words whitespace-normal\" dir=\"ltr\"><strong>Handv\u00e4vd denimbl\u00e5 randig kelimkudd\u00f6verdrag Set om 2 Design och Karakt\u00e4r<\/strong><\/p>\n<p class=\"font-claude-response-body break-words whitespace-normal\" dir=\"ltr\">Ett \u00f6verdrag har horisontella band av dammig rosa, denimbl\u00e5 och djup vinr\u00f6d, medan det andra lager av senapsgul, dammig rosa och denimbl\u00e5 f\u00f6r en n\u00e5got varmare, mer lager-effekt. Tillsammans skapar paret en sammanh\u00e4ngande, solnedg\u00e5ngsinspirerad f\u00e4rgber\u00e4ttelse som passar b\u00e5de bohemska och moderna interi\u00f6rer.<\/p>\n<p class=\"font-claude-response-body break-words whitespace-normal\" dir=\"ltr\"><strong>Varf\u00f6r v\u00e4lja detta handv\u00e4vda denimbl\u00e5 randiga kelimkudd\u00f6verdrag Set om 2<\/strong><\/p>\n<p class=\"font-claude-response-body break-words whitespace-normal\" dir=\"ltr\">Varje \u00f6verdrag \u00e4r handv\u00e4vt av genuin kelim helt unikt och ett av ett slag.<\/p>\n<p class=\"font-claude-response-body break-words whitespace-normal\" dir=\"ltr\">\u2714\ufe0f <strong>Nyckelfunktioner:<\/strong><\/p>\n<ul class=\"[li_&amp;]:mb-0 [li_&amp;]:mt-1 [li_&amp;]:gap-1 [&amp;:not(:last-child)_ul]:pb-1 [&amp;:not(:last-child)_ol]:pb-1 list-disc flex flex-col gap-1 pl-8 mb-3 print:block print:space-y-1\" dir=\"ltr\">\n<li class=\"font-claude-response-body whitespace-normal break-words pl-2\">Handv\u00e4vt dammigt rosa denimkelim kudd\u00f6verdrag set om 2<\/li>\n<li class=\"font-claude-response-body whitespace-normal break-words pl-2\">Genuin kilimkonstruktion<\/li>\n<li class=\"font-claude-response-body whitespace-normal break-words pl-2\">Horisontell randdesign<\/li>\n<li class=\"font-claude-response-body whitespace-normal break-words pl-2\">F\u00e4rger: Dammigt Rosa, Senapsgul, Denimbl\u00e5 &amp; Vinr\u00f6d<\/li>\n<li class=\"font-claude-response-body whitespace-normal break-words pl-2\">Kontrastpipade kanter<\/li>\n<li class=\"font-claude-response-body whitespace-normal break-words pl-2\">Dragkedjest\u00e4ngning p\u00e5 varje \u00f6verdrag<\/li>\n<li class=\"font-claude-response-body whitespace-normal break-words pl-2\">Storlek: 45 x 45 cm varje (18&#8243; x 18&#8243;)<\/li>\n<li class=\"font-claude-response-body whitespace-normal break-words pl-2\">Inl\u00e4gg ing\u00e5r inte<\/li>\n<\/ul>\n","protected":false},"excerpt":{"rendered":"<p class=\"font-claude-response-body break-words whitespace-normal\" dir=\"ltr\">Det h\u00e4r handv\u00e4vda denimbl\u00e5 randiga Kelim-kuddfodralet i set om 2 \u00e4r varmt, mjukt och vackert texturerat. Ett fodral blandar dammig rosa, denimbl\u00e5 och djupt maroon, medan det andra lagrar senap, rosa och denim f\u00f6r att ge extra djup en noggrant koordinerad, solnedg\u00e5ngsf\u00e4rgad kombination.<\/p>\n<p>r<\/p>\n<p class=\"font-claude-response-body break-words whitespace-normal\" dir=\"ltr\">Storlek: 45 x 45 cm vardera | Kontrastpipade kanter | Dragkedjeslutning | Fyllningar ing\u00e5r inte<\/p>\n","protected":false},"featured_media":21678,"comment_status":"closed","ping_status":"closed","template":"","meta":{"_acf_changed":false,"_gspb_post_css":"","jetpack_publicize_message":"{title}\n\n{excerpt}\n\n{url}","jetpack_publicize_feature_enabled":true,"jetpack_social_post_already_shared":true,"jetpack_social_options":{"image_generator_settings":{"template":"highway","default_image_id":0,"font":"","enabled":false},"version":2},"_wpas_customize_per_network":false},"product_brand":[],"product_cat":[1770,1784],"product_tag":[4336,3070,4337,4340,4341,4342,5134,4344,5127,4364,4348,4349,4350,4351,4352,5336,4395,4361,5129,4367,4363,4369,4371,4370],"class_list":["post-26278","product","type-product","status-publish","has-post-thumbnail","product_cat-kelimkuddar","product_cat-moderna-kelimkuddar","product_tag-18x18-kuddfodral","product_tag-45x45-kuddfodral","product_tag-accentkuddfodral","product_tag-bohemisk-heminredning","product_tag-boho-chic-inredning","product_tag-boho-kuddfodral","product_tag-dammig-rosa-kuddfodral","product_tag-dekorativt-kuddfodral","product_tag-denimbla-kudde","product_tag-fyrkantigt-kuddfodral","product_tag-global-inredningskudde","product_tag-handgjort-kuddfodral","product_tag-handvavd-kudde","product_tag-kilim-kuddfodral","product_tag-kilim-kudde-2","product_tag-morkrod-accentkudde","product_tag-randigt-kuddfodral","product_tag-rustik-heminredning","product_tag-senapsgult-accentkuddfodral","product_tag-set-med-kuddfodral","product_tag-soffkuddfodral","product_tag-turkisk-kilim-kuddoverdrag","product_tag-ull-kuddoverdrag","product_tag-vintage-stil-kudde","first","instock","sold-individually","shipping-taxable","purchasable","product-type-simple"],"bundled_by":[],"bundle_stock_status":"instock","bundle_stock_quantity":1,"bundle_virtual":false,"bundle_layout":"","bundle_add_to_cart_form_location":"","bundle_editable_in_cart":false,"bundle_sold_individually_context":"","bundle_item_grouping":"","bundle_min_size":"","bundle_max_size":"","bundle_price":[],"bundled_items":[],"bundle_sell_ids":[],"ct_brands":[],"acf":{"length":45,"width":45,"weight":0,"approximate_dimensions":true,"location":""},"jetpack_publicize_connections":[],"jetpack_sharing_enabled":true,"jetpack_likes_enabled":true,"_links":{"self":[{"href":"https:\/\/kelimshop.com\/sv\/wp-json\/wp\/v2\/product\/26278","targetHints":{"allow":["GET"]}}],"collection":[{"href":"https:\/\/kelimshop.com\/sv\/wp-json\/wp\/v2\/product"}],"about":[{"href":"https:\/\/kelimshop.com\/sv\/wp-json\/wp\/v2\/types\/product"}],"replies":[{"embeddable":true,"href":"https:\/\/kelimshop.com\/sv\/wp-json\/wp\/v2\/comments?post=26278"}],"wp:featuredmedia":[{"embeddable":true,"href":"https:\/\/kelimshop.com\/sv\/wp-json\/wp\/v2\/media\/21678"}],"wp:attachment":[{"href":"https:\/\/kelimshop.com\/sv\/wp-json\/wp\/v2\/media?parent=26278"}],"wp:term":[{"taxonomy":"product_brand","embeddable":true,"href":"https:\/\/kelimshop.com\/sv\/wp-json\/wp\/v2\/product_brand?post=26278"},{"taxonomy":"product_cat","embeddable":true,"href":"https:\/\/kelimshop.com\/sv\/wp-json\/wp\/v2\/product_cat?post=26278"},{"taxonomy":"product_tag","embeddable":true,"href":"https:\/\/kelimshop.com\/sv\/wp-json\/wp\/v2\/product_tag?post=26278"}],"curies":[{"name":"wp","href":"https:\/\/api.w.org\/{rel}","templated":true}]}}

Handvävt Denim Blå Randigt Kelim Kuddöverdrag

<p><strong>Fantastisk handvävd denimblå randig kelimkuddöverdrag&nbsp; Set om 2</strong></p>
<p class="font-claude-response-body break-words whitespace-normal" dir="ltr">Detta handvävda denimblå randiga kelimkuddöverdrag i set om 2 är genuint handvävt och ger en vackert varm, mjuk energi till vilket inre som helst. Solnedgångstonad i palett, ren i randkomposition och rik på handvävd textur, denna duo är ett mångsidigt tillskott till vår kollektion av kelimkuddar.</p>
<p class="font-claude-response-body break-words whitespace-normal" dir="ltr"><strong>Handvävd denimblå randig kelimkuddöverdrag Set om 2 Design och Karaktär</strong></p>
<p class="font-claude-response-body break-words whitespace-normal" dir="ltr">Ett överdrag har horisontella band av dammig rosa, denimblå och djup vinröd, medan det andra lager av senapsgul, dammig rosa och denimblå för en något varmare, mer lager-effekt. Tillsammans skapar paret en sammanhängande, solnedgångsinspirerad färgberättelse som passar både bohemska och moderna interiörer.</p>
<p class="font-claude-response-body break-words whitespace-normal" dir="ltr"><strong>Varför välja detta handvävda denimblå randiga kelimkuddöverdrag Set om 2</strong></p>
<p class="font-claude-response-body break-words whitespace-normal" dir="ltr">Varje överdrag är handvävt av genuin kelim helt unikt och ett av ett slag.</p>
<p class="font-claude-response-body break-words whitespace-normal" dir="ltr">✔️ <strong>Nyckelfunktioner:</strong></p>
<ul class="[li_&amp;]:mb-0 [li_&amp;]:mt-1 [li_&amp;]:gap-1 [&amp;:not(:last-child)_ul]:pb-1 [&amp;:not(:last-child)_ol]:pb-1 list-disc flex flex-col gap-1 pl-8 mb-3 print:block print:space-y-1" dir="ltr">
<li class="font-claude-response-body whitespace-normal break-words pl-2">Handvävt dammigt rosa denimkelim kuddöverdrag set om 2</li>
<li class="font-claude-response-body whitespace-normal break-words pl-2">Genuin kilimkonstruktion</li>
<li class="font-claude-response-body whitespace-normal break-words pl-2">Horisontell randdesign</li>
<li class="font-claude-response-body whitespace-normal break-words pl-2">Färger: Dammigt Rosa, Senapsgul, Denimblå &amp; Vinröd</li>
<li class="font-claude-response-body whitespace-normal break-words pl-2">Kontrastpipade kanter</li>
<li class="font-claude-response-body whitespace-normal break-words pl-2">Dragkedjestängning på varje överdrag</li>
<li class="font-claude-response-body whitespace-normal break-words pl-2">Storlek: 45 x 45 cm varje (18&#8243; x 18&#8243;)</li>
<li class="font-claude-response-body whitespace-normal break-words pl-2">Inlägg ingår inte</li>
</ul>

<p class="font-claude-response-body break-words whitespace-normal" dir="ltr">Det här handvävda denimblå randiga Kelim-kuddfodralet i set om 2 är varmt, mjukt och vackert texturerat. Ett fodral blandar dammig rosa, denimblå och djupt maroon, medan det andra lagrar senap, rosa och denim för att ge extra djup en noggrant koordinerad, solnedgångsfärgad kombination.</p>
<p>r</p>
<p class="font-claude-response-body break-words whitespace-normal" dir="ltr">Storlek: 45 x 45 cm vardera | Kontrastpipade kanter | Dragkedjeslutning | Fyllningar ingår inte</p>
