{"id":28928,"date":"2026-07-07T23:49:50","date_gmt":"2026-07-07T21:49:50","guid":{"rendered":"https:\/\/kelimshop.com\/product\/soft-art-deco\/"},"modified":"2026-08-10T12:42:10","modified_gmt":"2026-08-10T10:42:10","slug":"artisan-art-deco-handgjord-ullmatta","status":"publish","type":"product","link":"https:\/\/kelimshop.com\/sv\/produkt\/artisan-art-deco-handgjord-ullmatta\/","title":{"rendered":"Artisan Art Deco handgjord ullmatta"},"content":{"rendered":"<p class=\"font-claude-response-body break-words whitespace-normal\">Denna hantverkare Art Deco handgjorda ullmatta \u00e4r handknuten av m\u00e4stare hantverkare i norra Afghanistan, en region k\u00e4nd f\u00f6r sitt rika mattillverkningsarv och exceptionella hantverk. Den premium Art Deco handgjorda mattan \u00e4r bland de mest framst\u00e5ende och eftertraktade mattstilarna i v\u00e4rlden, beundrad f\u00f6r sina raffinerade m\u00f6nster, sofistikerade design och anm\u00e4rkningsv\u00e4rd konstn\u00e4rlig detalj.<\/p>\n<h3 class=\"text-text-100 mt-3 -mb-1 text-[1.125rem] font-bold\">Handgjord afghansk Art Deco mattdesign och karakt\u00e4r<\/h3>\n<p class=\"font-claude-response-body break-words whitespace-normal\">Att skapa varje hantverkare Art Deco handgjorda ullmatta kr\u00e4ver \u00e5rs erfarenhet, precision och avancerade knyttekniker som har g\u00e5tt i arv genom generationer av skickliga afghanska hantverkare. Varje stycke \u00e4r individuellt handknutet med extraordin\u00e4r uppm\u00e4rksamhet p\u00e5 detaljer som speglar b\u00e5de tradition och samtida designk\u00e4nsla. De subtila texturerna, harmoniska tonerna och den eleganta kompositionen g\u00f6r denna matta till ett exceptionellt val f\u00f6r moderna, samtida och klassiska interi\u00f6rer.<\/p>\n<h3 class=\"text-text-100 mt-3 -mb-1 text-[1.125rem] font-bold\">Varf\u00f6r v\u00e4lja denna handgjorda afghanska Art Deco matta<\/h3>\n<p class=\"font-claude-response-body break-words whitespace-normal\">Mer \u00e4n bara ett dekorativt f\u00f6rem\u00e5l, b\u00e4r denna matta den kulturella arvet fr\u00e5n norra Afghanistan och den personliga signaturen av hantverkaren som skapade den.<\/p>\n<p class=\"font-claude-response-body break-words whitespace-normal\"><strong>\u2714\ufe0f Nyckelfunktioner:<\/strong><\/p>\n<ul class=\"[li_&amp;]:mb-0 [li_&amp;]:mt-1 [li_&amp;]:gap-1 [&amp;:not(:last-child)_ul]:pb-1 [&amp;:not(:last-child)_ol]:pb-1 list-disc flex flex-col gap-1 pl-8 mb-3\">\n<li class=\"font-claude-response-body whitespace-normal break-words pl-2\">\u00c4kta handgjord afghansk Art Deco matta<\/li>\n<li class=\"font-claude-response-body whitespace-normal break-words pl-2\">Handknuten i norra Afghanistan<\/li>\n<li class=\"font-claude-response-body whitespace-normal break-words pl-2\">Raffinerad geometrisk och botanisk design<\/li>\n<li class=\"font-claude-response-body whitespace-normal break-words pl-2\">Premium naturliga material<\/li>\n<li class=\"font-claude-response-body whitespace-normal break-words pl-2\">Exceptionellt knytthantverk<\/li>\n<li class=\"font-claude-response-body whitespace-normal break-words pl-2\">Storlek: 293x250cm<\/li>\n<li class=\"font-claude-response-body whitespace-normal break-words pl-2\">L\u00e4mplig f\u00f6r vardagsrum, sovrum, matsalar och kontor<\/li>\n<\/ul>\n","protected":false},"excerpt":{"rendered":"<p class=\"font-claude-response-body break-words whitespace-normal\">Denna Artisan Art Deco handgjorda ullmatta har ett elegant stort blomm\u00f6nster med graci\u00f6sa rosor, palmetter och fl\u00f6dande vinrankor som st\u00e5r mot en vackert mjuk abrash-bakgrund. Den raffinerade kantlinjen full\u00e4ndar kompositionen med tyst klassisk elegans. Handknuten av m\u00e4sterhantverkare i Afghanistan, \u00e4r detta ett helt unikt, en av en slag stycke.<\/p>\n<p>r<\/p>\n<p class=\"font-claude-response-body break-words whitespace-normal\">Storlek: 293 x 250 cm | Handknuten<\/p>\n","protected":false},"featured_media":15283,"comment_status":"closed","ping_status":"closed","template":"","meta":{"_acf_changed":false,"_gspb_post_css":"","jetpack_publicize_message":"{title}\n\n{excerpt}\n\n{url}","jetpack_publicize_feature_enabled":true,"jetpack_social_post_already_shared":true,"jetpack_social_options":{"image_generator_settings":{"template":"highway","default_image_id":0,"font":"","enabled":false},"version":2},"_wpas_customize_per_network":false},"product_brand":[],"product_cat":[1681,3576,1687],"product_tag":[3577,3578,3580,3581,3952,3584,3583,3582,3585,3586,3957,3954,3951,3955,3956,3579,3950,3949,3587,3953],"class_list":["post-28928","product","type-product","status-publish","has-post-thumbnail","product_cat-alla-mattor","product_cat-art-deco-mattor","product_cat-handknutna-mattor","product_tag-afghanmatta","product_tag-afghansk-matta","product_tag-art-deco-matta","product_tag-geometrisk-matta","product_tag-handgjord-afghan-art-deco-matta","product_tag-handgjord-matta","product_tag-handgjord-mattor","product_tag-handknuten-matta","product_tag-hemdekoration","product_tag-inredningsdesign","product_tag-kontorsmatta","product_tag-lyxmatta","product_tag-matta-for-matsalen","product_tag-modern-matta","product_tag-naturlig-ull","product_tag-omrade-matta","product_tag-samtida-matta","product_tag-sovrumsmatta","product_tag-ull-matta","product_tag-vardagsrumsmatta","first","instock","shipping-taxable","purchasable","product-type-simple"],"bundled_by":[],"bundle_stock_status":"instock","bundle_stock_quantity":1,"bundle_virtual":false,"bundle_layout":"","bundle_add_to_cart_form_location":"","bundle_editable_in_cart":false,"bundle_sold_individually_context":"","bundle_item_grouping":"","bundle_min_size":"","bundle_max_size":"","bundle_price":[],"bundled_items":[],"bundle_sell_ids":[],"ct_brands":[],"acf":{"length":293,"width":250,"weight":0,"approximate_dimensions":true,"location":"300x250 art deco"},"jetpack_publicize_connections":[],"jetpack_sharing_enabled":true,"jetpack_likes_enabled":true,"_links":{"self":[{"href":"https:\/\/kelimshop.com\/sv\/wp-json\/wp\/v2\/product\/28928","targetHints":{"allow":["GET"]}}],"collection":[{"href":"https:\/\/kelimshop.com\/sv\/wp-json\/wp\/v2\/product"}],"about":[{"href":"https:\/\/kelimshop.com\/sv\/wp-json\/wp\/v2\/types\/product"}],"replies":[{"embeddable":true,"href":"https:\/\/kelimshop.com\/sv\/wp-json\/wp\/v2\/comments?post=28928"}],"wp:featuredmedia":[{"embeddable":true,"href":"https:\/\/kelimshop.com\/sv\/wp-json\/wp\/v2\/media\/15283"}],"wp:attachment":[{"href":"https:\/\/kelimshop.com\/sv\/wp-json\/wp\/v2\/media?parent=28928"}],"wp:term":[{"taxonomy":"product_brand","embeddable":true,"href":"https:\/\/kelimshop.com\/sv\/wp-json\/wp\/v2\/product_brand?post=28928"},{"taxonomy":"product_cat","embeddable":true,"href":"https:\/\/kelimshop.com\/sv\/wp-json\/wp\/v2\/product_cat?post=28928"},{"taxonomy":"product_tag","embeddable":true,"href":"https:\/\/kelimshop.com\/sv\/wp-json\/wp\/v2\/product_tag?post=28928"}],"curies":[{"name":"wp","href":"https:\/\/api.w.org\/{rel}","templated":true}]}}

<p class="font-claude-response-body break-words whitespace-normal">Denna hantverkare Art Deco handgjorda ullmatta är handknuten av mästare hantverkare i norra Afghanistan, en region känd för sitt rika mattillverkningsarv och exceptionella hantverk. Den premium Art Deco handgjorda mattan är bland de mest framstående och eftertraktade mattstilarna i världen, beundrad för sina raffinerade mönster, sofistikerade design och anmärkningsvärd konstnärlig detalj.</p>
<h3 class="text-text-100 mt-3 -mb-1 text-[1.125rem] font-bold">Handgjord afghansk Art Deco mattdesign och karaktär</h3>
<p class="font-claude-response-body break-words whitespace-normal">Att skapa varje hantverkare Art Deco handgjorda ullmatta kräver års erfarenhet, precision och avancerade knyttekniker som har gått i arv genom generationer av skickliga afghanska hantverkare. Varje stycke är individuellt handknutet med extraordinär uppmärksamhet på detaljer som speglar både tradition och samtida designkänsla. De subtila texturerna, harmoniska tonerna och den eleganta kompositionen gör denna matta till ett exceptionellt val för moderna, samtida och klassiska interiörer.</p>
<h3 class="text-text-100 mt-3 -mb-1 text-[1.125rem] font-bold">Varför välja denna handgjorda afghanska Art Deco matta</h3>
<p class="font-claude-response-body break-words whitespace-normal">Mer än bara ett dekorativt föremål, bär denna matta den kulturella arvet från norra Afghanistan och den personliga signaturen av hantverkaren som skapade den.</p>
<p class="font-claude-response-body break-words whitespace-normal"><strong>✔️ Nyckelfunktioner:</strong></p>
<ul class="[li_&amp;]:mb-0 [li_&amp;]:mt-1 [li_&amp;]:gap-1 [&amp;:not(:last-child)_ul]:pb-1 [&amp;:not(:last-child)_ol]:pb-1 list-disc flex flex-col gap-1 pl-8 mb-3">
<li class="font-claude-response-body whitespace-normal break-words pl-2">Äkta handgjord afghansk Art Deco matta</li>
<li class="font-claude-response-body whitespace-normal break-words pl-2">Handknuten i norra Afghanistan</li>
<li class="font-claude-response-body whitespace-normal break-words pl-2">Raffinerad geometrisk och botanisk design</li>
<li class="font-claude-response-body whitespace-normal break-words pl-2">Premium naturliga material</li>
<li class="font-claude-response-body whitespace-normal break-words pl-2">Exceptionellt knytthantverk</li>
<li class="font-claude-response-body whitespace-normal break-words pl-2">Storlek: 293x250cm</li>
<li class="font-claude-response-body whitespace-normal break-words pl-2">Lämplig för vardagsrum, sovrum, matsalar och kontor</li>
</ul>

<p class="font-claude-response-body break-words whitespace-normal">Denna Artisan Art Deco handgjorda ullmatta har ett elegant stort blommönster med graciösa rosor, palmetter och flödande vinrankor som står mot en vackert mjuk abrash-bakgrund. Den raffinerade kantlinjen fulländar kompositionen med tyst klassisk elegans. Handknuten av mästerhantverkare i Afghanistan, är detta ett helt unikt, en av en slag stycke.</p>
<p>r</p>
<p class="font-claude-response-body break-words whitespace-normal">Storlek: 293 x 250 cm | Handknuten</p>
