{"id":40702,"date":"2026-08-17T21:27:31","date_gmt":"2026-08-17T19:27:31","guid":{"rendered":"https:\/\/kelimshop.com\/?post_type=product&#038;p=35788"},"modified":"2026-08-25T00:17:23","modified_gmt":"2026-08-24T22:17:23","slug":"traditionell-handgjord-plattvavd-geometrisk-tribalmatta","status":"publish","type":"product","link":"https:\/\/kelimshop.com\/sv\/produkt\/traditionell-handgjord-plattvavd-geometrisk-tribalmatta\/","title":{"rendered":"Traditionell handgjord plattv\u00e4vd geometrisk tribalmatta"},"content":{"rendered":"<p class=\"font-claude-response-body break-words whitespace-normal\" dir=\"ltr\">Denna traditionella och tribal platta v\u00e4vda matta \u00e4r m\u00e4sterligt handv\u00e4vd av h\u00e4ngivna hantverkare fr\u00e5n hela Afghanistan, ett land vars tradition av platta kilim-mattor \u00e4r en av de mest ber\u00f6mda och h\u00e5llbara i v\u00e4rlden. Vibrant, rik p\u00e5 karakt\u00e4r och djupt f\u00f6rankrad i tribal hantverk, tillf\u00f6r denna matta ett verkligt afghanskt hantverk till vilket vardagsrum som helst.<\/p>\n<h3 class=\"mt-3 -mb-1 text-[1.125rem] font-bold\" dir=\"ltr\">Handgjord afghansk kilim-matta: design och hantverk<\/h3>\n<p class=\"font-claude-response-body break-words whitespace-normal\" dir=\"ltr\">Den traditionella och tribal platta v\u00e4vda mattan presenterar en f\u00e4ngslande tribal och geometrisk design med sammanfl\u00e4tade diamantskisser, dj\u00e4rva stj\u00e4rnformer, dynamiska zigzag-kanter och fint detaljerade geometriska fyllningar, allt v\u00e4vt tillsammans i en symmetrisk och balanserad arrangemang. Den rika flerf\u00e4rgade paletten ger denna matta en kraftfull visuell n\u00e4rvaro som f\u00f6rvandlar vilket rum den kommer in i. En t\u00e4tt dekorerad geometrisk kant omger det centrala f\u00e4ltet, vilket f\u00f6rankrar den tribala kompositionen med en autentisk afghansk kulturell identitet och en traditionell kilim-karakt\u00e4r.<\/p>\n<h3 class=\"mt-3 -mb-1 text-[1.125rem] font-bold\" dir=\"ltr\">Varf\u00f6r varje hem f\u00f6rtj\u00e4nar denna handgjorda afghanska kilim-matta<\/h3>\n<p class=\"font-claude-response-body break-words whitespace-normal\" dir=\"ltr\">Varje kilim-matta i v\u00e5r kollektion \u00e4r en verkligt oers\u00e4ttlig bit skapad individuellt av m\u00e4sterv\u00e4vare fr\u00e5n Afghanistan, vilket garanterar att ingen matta \u00e4r identisk. Varje matta innefattar v\u00e4varens personliga konst och bevarar en stolt tradition av tribal hantverk som har blomstrat genom Afghanistan i \u00e5rhundraden.<\/p>\n<p class=\"font-claude-response-body break-words whitespace-normal\" dir=\"ltr\">\u2705 Nyckelfunktioner:<\/p>\n<ul class=\"[li_&amp;]:mb-0 [li_&amp;]:mt-1 [li_&amp;]:gap-1 [&amp;:not(:last-child)_ul]:pb-1 [&amp;:not(:last-child)_ol]:pb-1 list-disc flex flex-col gap-1 pl-8 mb-3 print:block print:space-y-1\" dir=\"ltr\">\n<li class=\"font-claude-response-body whitespace-normal break-words pl-2\">En anm\u00e4rkningsv\u00e4rd handgjord afghansk kilim-matta<\/li>\n<li class=\"font-claude-response-body whitespace-normal break-words pl-2\">\u00c4kta kilim-konstruktion i platt v\u00e4vning<\/li>\n<li class=\"font-claude-response-body whitespace-normal break-words pl-2\">F\u00e4ngslande geometrisk och tribal design<\/li>\n<li class=\"font-claude-response-body whitespace-normal break-words pl-2\">Rik och vibrerande flerf\u00e4rgad palett<\/li>\n<li class=\"font-claude-response-body whitespace-normal break-words pl-2\">Naturliga material genomg\u00e5ende<\/li>\n<li class=\"font-claude-response-body whitespace-normal break-words pl-2\">Fransade kanter<\/li>\n<li class=\"font-claude-response-body whitespace-normal break-words pl-2\">Perfekt f\u00f6r vardagsrum, matsalar, sovrum och korridorer<\/li>\n<\/ul>\n","protected":false},"excerpt":{"rendered":"<p class=\"font-claude-response-body break-words whitespace-normal\" dir=\"ltr\">Uppt\u00e4ck den extraordin\u00e4ra konsten av denna handv\u00e4vda geometriska tribalmatta med flat v\u00e4v, som framh\u00e4ver ett f\u00e4ngslande geometriskt och tribal m\u00f6nster, skickligt handv\u00e4vd av h\u00e4ngivna afghanska hantverkare som anv\u00e4nder autentiska flatv\u00e4vda kilim-tekniker som har perfektionerats genom generationer. Varje bit \u00e4r verkligen oers\u00e4ttlig, en helt unik uttryck f\u00f6r autentiskt afghanskt tribalhantverk.<\/p>\n<p>r<\/p>\n<p class=\"font-claude-response-body break-words whitespace-normal\" dir=\"ltr\">\u00a0Handv\u00e4vd platt | Naturliga material<\/p>\n","protected":false},"featured_media":35791,"comment_status":"closed","ping_status":"closed","template":"","meta":{"_acf_changed":false,"_gspb_post_css":"","jetpack_publicize_message":"{title}\n\n{excerpt}\n\n{url}","jetpack_publicize_feature_enabled":true,"jetpack_social_post_already_shared":true,"jetpack_social_options":{"image_generator_settings":{"template":"highway","default_image_id":0,"font":"","enabled":false},"version":2},"_wpas_customize_per_network":false},"product_brand":[],"product_cat":[1681,1728,1763],"product_tag":[5568,3863,5567,5569,5570,5571,5572,5580,5574,5575,5576,5577,5578,5573,5585,5579,5583,5584,5586,5581],"class_list":["post-40702","product","type-product","status-publish","has-post-thumbnail","product_cat-alla-mattor","product_cat-handvavda-kelimer","product_cat-traditionell-kelim","product_tag-afghansk-handvavd-matta","product_tag-afghansk-hantverksmatta","product_tag-afghansk-plattvavsmatta","product_tag-afghansk-stam-matta","product_tag-akthet-afghansk-kilim","product_tag-boho-heminredning-matta","product_tag-boho-kilim-matta","product_tag-flerfargad-kilim-matta","product_tag-geometrisk-kilim-matta","product_tag-geometrisk-stam-matta","product_tag-handgjord-afghansk-kilim-matta","product_tag-handvavd-stammatta","product_tag-kilim-matta-for-vardagsrum","product_tag-plattvavd-omradesmatta","product_tag-stam-kilim-matta","product_tag-stor-kilim-matta","product_tag-traditionell-afghansk-matta","product_tag-traditionell-kilim-matta","product_tag-unik-kilim-matta","product_tag-unika-kilim-matta","first","instock","sold-individually","shipping-taxable","purchasable","product-type-simple"],"bundled_by":[],"bundle_stock_status":"instock","bundle_stock_quantity":1,"bundle_virtual":false,"bundle_layout":"","bundle_add_to_cart_form_location":"","bundle_editable_in_cart":false,"bundle_sold_individually_context":"","bundle_item_grouping":"","bundle_min_size":"","bundle_max_size":"","bundle_price":[],"bundled_items":[],"bundle_sell_ids":[],"ct_brands":[],"acf":{"length":296,"width":200,"weight":0,"approximate_dimensions":true,"location":""},"jetpack_publicize_connections":[],"jetpack_sharing_enabled":true,"jetpack_likes_enabled":true,"_links":{"self":[{"href":"https:\/\/kelimshop.com\/sv\/wp-json\/wp\/v2\/product\/40702","targetHints":{"allow":["GET"]}}],"collection":[{"href":"https:\/\/kelimshop.com\/sv\/wp-json\/wp\/v2\/product"}],"about":[{"href":"https:\/\/kelimshop.com\/sv\/wp-json\/wp\/v2\/types\/product"}],"replies":[{"embeddable":true,"href":"https:\/\/kelimshop.com\/sv\/wp-json\/wp\/v2\/comments?post=40702"}],"wp:featuredmedia":[{"embeddable":true,"href":"https:\/\/kelimshop.com\/sv\/wp-json\/wp\/v2\/media\/35791"}],"wp:attachment":[{"href":"https:\/\/kelimshop.com\/sv\/wp-json\/wp\/v2\/media?parent=40702"}],"wp:term":[{"taxonomy":"product_brand","embeddable":true,"href":"https:\/\/kelimshop.com\/sv\/wp-json\/wp\/v2\/product_brand?post=40702"},{"taxonomy":"product_cat","embeddable":true,"href":"https:\/\/kelimshop.com\/sv\/wp-json\/wp\/v2\/product_cat?post=40702"},{"taxonomy":"product_tag","embeddable":true,"href":"https:\/\/kelimshop.com\/sv\/wp-json\/wp\/v2\/product_tag?post=40702"}],"curies":[{"name":"wp","href":"https:\/\/api.w.org\/{rel}","templated":true}]}}

Traditionell handgjord plattvävd geometrisk tribalmatta

<p class="font-claude-response-body break-words whitespace-normal" dir="ltr">Denna traditionella och tribal platta vävda matta är mästerligt handvävd av hängivna hantverkare från hela Afghanistan, ett land vars tradition av platta kilim-mattor är en av de mest berömda och hållbara i världen. Vibrant, rik på karaktär och djupt förankrad i tribal hantverk, tillför denna matta ett verkligt afghanskt hantverk till vilket vardagsrum som helst.</p>
<h3 class="mt-3 -mb-1 text-[1.125rem] font-bold" dir="ltr">Handgjord afghansk kilim-matta: design och hantverk</h3>
<p class="font-claude-response-body break-words whitespace-normal" dir="ltr">Den traditionella och tribal platta vävda mattan presenterar en fängslande tribal och geometrisk design med sammanflätade diamantskisser, djärva stjärnformer, dynamiska zigzag-kanter och fint detaljerade geometriska fyllningar, allt vävt tillsammans i en symmetrisk och balanserad arrangemang. Den rika flerfärgade paletten ger denna matta en kraftfull visuell närvaro som förvandlar vilket rum den kommer in i. En tätt dekorerad geometrisk kant omger det centrala fältet, vilket förankrar den tribala kompositionen med en autentisk afghansk kulturell identitet och en traditionell kilim-karaktär.</p>
<h3 class="mt-3 -mb-1 text-[1.125rem] font-bold" dir="ltr">Varför varje hem förtjänar denna handgjorda afghanska kilim-matta</h3>
<p class="font-claude-response-body break-words whitespace-normal" dir="ltr">Varje kilim-matta i vår kollektion är en verkligt oersättlig bit skapad individuellt av mästervävare från Afghanistan, vilket garanterar att ingen matta är identisk. Varje matta innefattar vävarens personliga konst och bevarar en stolt tradition av tribal hantverk som har blomstrat genom Afghanistan i århundraden.</p>
<p class="font-claude-response-body break-words whitespace-normal" dir="ltr">✅ Nyckelfunktioner:</p>
<ul class="[li_&amp;]:mb-0 [li_&amp;]:mt-1 [li_&amp;]:gap-1 [&amp;:not(:last-child)_ul]:pb-1 [&amp;:not(:last-child)_ol]:pb-1 list-disc flex flex-col gap-1 pl-8 mb-3 print:block print:space-y-1" dir="ltr">
<li class="font-claude-response-body whitespace-normal break-words pl-2">En anmärkningsvärd handgjord afghansk kilim-matta</li>
<li class="font-claude-response-body whitespace-normal break-words pl-2">Äkta kilim-konstruktion i platt vävning</li>
<li class="font-claude-response-body whitespace-normal break-words pl-2">Fängslande geometrisk och tribal design</li>
<li class="font-claude-response-body whitespace-normal break-words pl-2">Rik och vibrerande flerfärgad palett</li>
<li class="font-claude-response-body whitespace-normal break-words pl-2">Naturliga material genomgående</li>
<li class="font-claude-response-body whitespace-normal break-words pl-2">Fransade kanter</li>
<li class="font-claude-response-body whitespace-normal break-words pl-2">Perfekt för vardagsrum, matsalar, sovrum och korridorer</li>
</ul>

<p class="font-claude-response-body break-words whitespace-normal" dir="ltr">Upptäck den extraordinära konsten av denna handvävda geometriska tribalmatta med flat väv, som framhäver ett fängslande geometriskt och tribal mönster, skickligt handvävd av hängivna afghanska hantverkare som använder autentiska flatvävda kilim-tekniker som har perfektionerats genom generationer. Varje bit är verkligen oersättlig, en helt unik uttryck för autentiskt afghanskt tribalhantverk.</p>
<p>r</p>
<p class="font-claude-response-body break-words whitespace-normal" dir="ltr"> Handvävd platt | Naturliga material</p>
